000
CDUS44 KMAF 290834
CLIMAF

CLIMATE REPORT
NATIONAL WEATHER SERVICE MIDLAND/ODESSA TX
234 AM CST SUN NOV 29 2020

...................................

...THE MIDLAND INTERNATIONAL AIRPORT CLIMATE SUMMARY FOR NOVEMBER 28 2020...

CLIMATE NORMAL PERIOD 1981 TO 2010
CLIMATE RECORD PERIOD 1930 TO 2020


WEATHER ITEM   OBSERVED TIME   RECORD YEAR NORMAL DEPARTURE LAST
                VALUE   (LST)  VALUE       VALUE  FROM      YEAR
                                                  NORMAL
...................................................................
TEMPERATURE (F)
 YESTERDAY
  MAXIMUM         56    422 PM  85    1949  62     -6       52
  MINIMUM         38   1159 PM  16    1938  34      4       37
                                      1976
                                      2001
  AVERAGE         47                        48     -1       45

PRECIPITATION (IN)
  YESTERDAY        0.47          0.93 1996   0.02   0.45     0.16
  MONTH TO DATE    0.48                      0.65  -0.17     1.35
  SINCE SEP 1      1.34                      4.24  -2.90     2.37
  SINCE JAN 1      7.35                     13.96  -6.61    13.77

SNOWFALL (IN)
  YESTERDAY        0.0
  MONTH TO DATE    0.0
  SINCE SEP 1      0.2
  SINCE JUL 1      0.2
  SNOW DEPTH       0

DEGREE DAYS
 HEATING
  YESTERDAY       18                        17      1       20
  MONTH TO DATE  186                       335   -149      328
  SINCE SEP 1    366                       444    -78      511
  SINCE JUL 1    366                       444    -78      511
...................................................................


WIND (MPH)
  HIGHEST WIND SPEED    18   HIGHEST WIND DIRECTION     E (70)
  HIGHEST GUST SPEED    25   HIGHEST GUST DIRECTION    NE (40)
  AVERAGE WIND SPEED     9.1


SKY COVER
  POSSIBLE SUNSHINE  MM
  AVERAGE SKY COVER 0.6


WEATHER CONDITIONS
THE FOLLOWING WEATHER WAS RECORDED YESTERDAY.
  THUNDERSTORM
  HEAVY RAIN
  LIGHT RAIN
  FOG
  HAZE


RELATIVE HUMIDITY (PERCENT)
 HIGHEST    96           800 AM
 LOWEST     48           500 PM
 AVERAGE    72

..........................................................


THE MIDLAND INTERNATIONAL AIRPORT CLIMATE NORMALS FOR TODAY
                         NORMAL    RECORD    YEAR
 MAXIMUM TEMPERATURE (F)   62        82      2018
 MINIMUM TEMPERATURE (F)   34        11      2001


SUNRISE AND SUNSET
NOVEMBER 29 2020......SUNRISE   730 AM CST   SUNSET   544 PM CST
NOVEMBER 30 2020......SUNRISE   731 AM CST   SUNSET   544 PM CST


-  INDICATES NEGATIVE NUMBERS.
R  INDICATES RECORD WAS SET OR TIED.
MM INDICATES DATA IS MISSING.
T  INDICATES TRACE AMOUNT.




$$
