000
CDUS42 KTAE 122135
CLIMAI

CLIMATE REPORT
NATIONAL WEATHER SERVICE TALLAHASSEE FL
535 PM EDT SAT JUN 12 2021

...................................

...THE MARIANNA CLIMATE SUMMARY FOR JUNE 12 2021...
VALID TODAY AS OF 0500 PM LOCAL TIME.

CLIMATE NORMAL PERIOD 1991 TO 2020
CLIMATE RECORD PERIOD 1950 TO 2021


WEATHER ITEM   OBSERVED TIME   NORMAL DEPARTURE LAST
                VALUE   (LST)  VALUE  FROM      YEAR
                                      NORMAL
.......................................................
TEMPERATURE (F)
 TODAY
  MAXIMUM         93    103 PM  91      2       91
  MINIMUM         71    151 PM  71      0       74
  AVERAGE         82            81      1       83

PRECIPITATION (IN)
  TODAY            T             0.17  -0.17      T
  MONTH TO DATE    2.43          1.84   0.59     1.39
  SINCE JUN 1      2.43          1.84   0.59     1.39
  SINCE JAN 1     24.90         22.25   2.65    20.20

SNOWFALL (IN)
  TODAY            0.0

DEGREE DAYS
 HEATING
  TODAY            0                    0
  MONTH TO DATE    0                    0
  SINCE JUN 1      0                    0
  SINCE JUL 1   1427                  -93

 COOLING
  TODAY           17                    1
  MONTH TO DATE  186                    2
  SINCE JUN 1    186                    2
  SINCE JAN 1    660                  -68
.......................................................


WIND (MPH)
  HIGHEST WIND SPEED    28   HIGHEST WIND DIRECTION     N (350)
  HIGHEST GUST SPEED    36   HIGHEST GUST DIRECTION     N (350)
  AVERAGE WIND SPEED     8.3


RELATIVE HUMIDITY (PERCENT)
 HIGHEST    97
 LOWEST     52
 AVERAGE    75

..........................................................


THE MARIANNA CLIMATE NORMALS FOR TOMORROW
                         NORMAL




SUNRISE AND SUNSET
JUNE 12 2021..........SUNRISE   537 AM CDT   SUNSET   744 PM CDT
JUNE 13 2021..........SUNRISE   537 AM CDT   SUNSET   745 PM CDT


-  INDICATES NEGATIVE NUMBERS.
R  INDICATES RECORD WAS SET OR TIED.
MM INDICATES DATA IS MISSING.
T  INDICATES TRACE AMOUNT.




$$
