000
CDUS42 KTAE 280733
CLIMAI

CLIMATE REPORT
NATIONAL WEATHER SERVICE TALLAHASSEE FL
233 AM EST SAT NOV 28 2020

...................................

...THE MARIANNA CLIMATE SUMMARY FOR NOVEMBER 27 2020...

CLIMATE NORMAL PERIOD 1981 TO 2010
CLIMATE RECORD PERIOD 1950 TO 2020


WEATHER ITEM   OBSERVED TIME   NORMAL DEPARTURE LAST
                VALUE   (LST)  VALUE  FROM      YEAR
                                      NORMAL
.......................................................
TEMPERATURE (F)
 YESTERDAY
  MAXIMUM         81    153 PM  69     12       82
  MINIMUM         63    404 AM  46     17       60
  AVERAGE         72            57     15       71

PRECIPITATION (IN)
  YESTERDAY        0.02          0.13  -0.11     0.04
  MONTH TO DATE    0.38          3.68  -3.30     1.31
  SINCE SEP 1     18.53         10.90   7.63     7.77
  SINCE JAN 1     50.99         49.23   1.76    34.81

SNOWFALL (IN)
  YESTERDAY        0.0

DEGREE DAYS
 HEATING
  YESTERDAY        0                   -9
  MONTH TO DATE   80                  -80
  SINCE SEP 1     89                 -120
  SINCE JUL 1     89                 -120

 COOLING
  YESTERDAY        7                    6
  MONTH TO DATE  102                   65
  SINCE SEP 1    742                  160
  SINCE JAN 1   3002                  455
.......................................................


WIND (MPH)
  HIGHEST WIND SPEED    16   HIGHEST WIND DIRECTION    SW (210)
  HIGHEST GUST SPEED    20   HIGHEST GUST DIRECTION    SW (210)
  AVERAGE WIND SPEED     2.5

..........................................................


THE MARIANNA CLIMATE NORMALS FOR TODAY
                         NORMAL




SUNRISE AND SUNSET
NOVEMBER 28 2020......SUNRISE   619 AM CST   SUNSET   439 PM CST
NOVEMBER 29 2020......SUNRISE   620 AM CST   SUNSET   439 PM CST


-  INDICATES NEGATIVE NUMBERS.
R  INDICATES RECORD WAS SET OR TIED.
MM INDICATES DATA IS MISSING.
T  INDICATES TRACE AMOUNT.




$$
