000
CDUS43 KABR 282323
CLIMBG

CLIMATE REPORT
NATIONAL WEATHER SERVICE ABERDEEN SD
523 PM CST SAT NOV 28 2020

...................................

...THE MOBRIDGE SD CLIMATE SUMMARY FOR NOVEMBER 28 2020...
VALID TODAY AS OF 0500 PM LOCAL TIME.

CLIMATE NORMAL PERIOD 1981 TO 2010
CLIMATE RECORD PERIOD 1911 TO 2020


WEATHER ITEM   OBSERVED TIME   RECORD YEAR NORMAL DEPARTURE LAST
                VALUE   (LST)  VALUE       VALUE  FROM      YEAR
                                                  NORMAL
...................................................................
TEMPERATURE (F)
 TODAY
  MAXIMUM         64    250 PM  65    1914  35     29       29
  MINIMUM         21    727 AM -20    1985  14      7       23
  AVERAGE         43                        25     18       26

PRECIPITATION (IN)
  TODAY            0.00          0.29 2016   0.00   0.00      T
  MONTH TO DATE    0.00                      0.47  -0.47     0.44
  SINCE SEP 1      2.55                      3.51  -0.96     7.43
  SINCE JAN 1     13.14                     17.42  -4.28    27.95

SNOWFALL (IN)
  TODAY            0.0           4.1  2016                    T
  MONTH TO DATE    T                                         3.8
  SINCE OCT 1     12.4                                       9.4
  SINCE JUL 1     12.4                                       9.4
  SNOW DEPTH       0

DEGREE DAYS
 HEATING
  TODAY           22                        40    -18       39
  MONTH TO DATE  713                       910   -197      937
  SINCE SEP 1   1548                      1651   -103     1766
  SINCE JUL 1   1548                      1684   -136     1788

 COOLING
  TODAY            0                         0      0        0
  MONTH TO DATE    0                         0      0        0
  SINCE SEP 1     49                        63    -14       75
  SINCE JAN 1    940                       644    296      648
...................................................................


WIND (MPH)
  HIGHEST WIND SPEED    14   HIGHEST WIND DIRECTION    NW (300)
  HIGHEST GUST SPEED    20   HIGHEST GUST DIRECTION    NW (300)
  AVERAGE WIND SPEED     3.3


SKY COVER
  AVERAGE SKY COVER 0.0


WEATHER CONDITIONS
THE FOLLOWING WEATHER WAS RECORDED TODAY.
  NO SIGNIFICANT WEATHER WAS OBSERVED.


RELATIVE HUMIDITY (PERCENT)
 HIGHEST    78           700 AM
 LOWEST     17           300 PM
 AVERAGE    48

..........................................................


THE MOBRIDGE SD CLIMATE NORMALS FOR TOMORROW
                         NORMAL    RECORD    YEAR
 MAXIMUM TEMPERATURE (F)   35        60      1939
 MINIMUM TEMPERATURE (F)   14       -13      1985


SUNRISE AND SUNSET
NOVEMBER 28 2020......SUNRISE   759 AM CST   SUNSET   501 PM CST
NOVEMBER 29 2020......SUNRISE   800 AM CST   SUNSET   500 PM CST


-  INDICATES NEGATIVE NUMBERS.
R  INDICATES RECORD WAS SET OR TIED.
MM INDICATES DATA IS MISSING.
T  INDICATES TRACE AMOUNT.




$$
