000
CDUS43 KDTX 040552
CLIMBS

CLIMATE REPORT
NATIONAL WEATHER SERVICE DETROIT/PONTIAC MI
1252 AM EST FRI DEC 04 2020

...................................

...THE TRI CITIES MI CLIMATE SUMMARY FOR DECEMBER 3 2020...

CLIMATE NORMAL PERIOD 1981 TO 2010
CLIMATE RECORD PERIOD 1898 TO 2020


WEATHER ITEM   OBSERVED TIME   NORMAL DEPARTURE LAST
                VALUE   (LST)  VALUE  FROM      YEAR
                                      NORMAL
.......................................................
TEMPERATURE (F)
 YESTERDAY
  MAXIMUM         38    435 PM  38      0       34
  MINIMUM         29    507 AM  25      4       28
  AVERAGE         34            31      3       31

PRECIPITATION (IN)
  YESTERDAY        0.00          0.07  -0.07     0.02
  MONTH TO DATE    0.00          0.21  -0.21     0.59
  SINCE DEC 1      0.00          0.21  -0.21     0.59
  SINCE JAN 1     28.73         29.89  -1.16    32.03

SNOWFALL (IN)
  YESTERDAY        0.0           0.2   -0.2      0.4
  MONTH TO DATE    0.0           0.7   -0.7      3.1
  SINCE DEC 1      0.0           0.7   -0.7      3.1
  SINCE JUL 1      1.4           4.6   -3.2      9.7
  SNOW DEPTH       0

DEGREE DAYS
 HEATING
  YESTERDAY       31            34     -3       34
  MONTH TO DATE   89           100    -11      100
  SINCE DEC 1     89           100    -11      100
  SINCE JUL 1   1370          1573   -203     1554

 COOLING
  YESTERDAY        0             0      0        0
  MONTH TO DATE    0             0      0        0
  SINCE DEC 1      0             0      0        0
  SINCE JAN 1    857           557    300      613
.......................................................


WIND (MPH)
  HIGHEST WIND SPEED    20   HIGHEST WIND DIRECTION     W (250)
  HIGHEST GUST SPEED    27   HIGHEST GUST DIRECTION     W (260)
  AVERAGE WIND SPEED    11.4


WEATHER CONDITIONS
THE FOLLOWING WEATHER WAS RECORDED YESTERDAY.
  NO SIGNIFICANT WEATHER WAS OBSERVED.


RELATIVE HUMIDITY (PERCENT)
 HIGHEST    75          1000 PM
 LOWEST     61           200 AM
 AVERAGE    68

..........................................................



SUNRISE AND SUNSET
DECEMBER  4 2020......SUNRISE   753 AM EST   SUNSET   500 PM EST
DECEMBER  5 2020......SUNRISE   754 AM EST   SUNSET   500 PM EST


-  INDICATES NEGATIVE NUMBERS.
R  INDICATES RECORD WAS SET OR TIED.
MM INDICATES DATA IS MISSING.
T  INDICATES TRACE AMOUNT.




$$
