530
CDUS46 KHNX 290030
CLIMCE


CLIMATE REPORT
NATIONAL WEATHER SERVICE SAN JOAQUIN VALLEY, CA
429 PM PST SAT NOV 28 2020


...................................

...THE MERCED  CA CLIMATE SUMMARY FOR NOVEMBER 28 2020...
VALID AS OF 0400 PM LOCAL TIME.

CLIMATE NORMAL PERIOD 1981 TO 2010
CLIMATE RECORD PERIOD 1998 TO 2020


WEATHER ITEM   OBSERVED TIME   RECORD YEAR NORMAL DEPARTURE LAST
                VALUE   (LST)  VALUE       VALUE  FROM      YEAR
                                                  NORMAL
..................................................................
TEMPERATURE (F)
 TODAY
  MAXIMUM         64    332 PM  73    1938  58      6       49
  MINIMUM         30    726 AM  23    1919  38     -8       37
  AVERAGE         47                        48     -1       43

PRECIPITATION (IN)
  TODAY            0.00          1.25 1901   0.03  -0.03    MM
  MONTH TO DATE    1.08                      1.11  -0.03     0.18
  SINCE OCT 1      1.08                      1.92  -0.84     0.18
  SINCE JAN 1      5.66                     10.91  -5.25     9.58

SNOWFALL (IN)
  TODAY            0.0
  MONTH TO DATE    0.0
  SINCE SEP 1      0.0
  SINCE JUL 1      0.0
  SNOW DEPTH       0

DEGREE DAYS
 HEATING
  TODAY           18                                        22
  MONTH TO DATE  362                                       271
  SINCE SEP 1    408                                       408
  SINCE JUL 1    408                                       408

 COOLING
  TODAY            0                                         0
  MONTH TO DATE    0                                         0
  SINCE SEP 1    488                                       262
  SINCE JAN 1   2037                                      1600
..................................................................


WIND (MPH)
  HIGHEST WIND SPEED     7   HIGHEST WIND DIRECTION    NW (310)
  HIGHEST GUST SPEED     9   HIGHEST GUST DIRECTION    NW (330)
  AVERAGE WIND SPEED     1.5




RELATIVE HUMIDITY (PERCENT)
 HIGHEST    89
 LOWEST     32
 AVERAGE    61

..........................................................


THE MERCED  CA CLIMATE NORMALS FOR TOMORROW
                         NORMAL    RECORD    YEAR
 MAXIMUM TEMPERATURE (F)   58        73      1932
                                             1912
 MINIMUM TEMPERATURE (F)   37        25      1919


SUNRISE AND SUNSET
NOVEMBER 28 2020......SUNRISE   655 AM PST   SUNSET   446 PM PST
NOVEMBER 29 2020......SUNRISE   656 AM PST   SUNSET   445 PM PST


-  INDICATES NEGATIVE NUMBERS.
R  INDICATES RECORD WAS SET OR TIED.
MM INDICATES DATA IS MISSING.
T  INDICATES TRACE AMOUNT.




$$
