000
CDAK49 PAFG 291010
CLIMCG

CLIMATE REPORT
NATIONAL WEATHER SERVICE FAIRBANKS AK
110 AM AKST SUN NOV 29 2020


...THE MCGRATH AK CLIMATE SUMMARY FOR NOVEMBER 28 2020...

CLIMATE NORMAL PERIOD 1981 TO 2010
CLIMATE RECORD PERIOD 1946 TO 2020


WEATHER ITEM   OBSERVED TIME   RECORD YEAR NORMAL DEPARTURE LAST
                VALUE   (LST)  VALUE       VALUE  FROM      YEAR
                                                  NORMAL
...................................................................
TEMPERATURE (F)
 YESTERDAY
  MAXIMUM         15    147 AM  45    1983   9      6       32
  MINIMUM          3   1159 PM -40    1990  -8     11       22
  AVERAGE          9                         1      8       27

PRECIPITATION (IN)
  YESTERDAY        0.00          0.35 1961   0.05  -0.05     0.09
  MONTH TO DATE    1.52                      1.33   0.19     4.19
  SINCE SEP 1      5.65                      5.26   0.39    10.16
  SINCE JAN 1     15.55                     16.63  -1.08    21.72

DEGREE DAYS
 HEATING
  YESTERDAY       56                        64     -8       38
  MONTH TO DATE 1503                      1654   -151     1456
  SINCE SEP 1   3135                      3503   -368     2993
  SINCE JUL 1   3514                      3994   -480     3340

 COOLING
  YESTERDAY        0                         0      0        0
  MONTH TO DATE    0                         0      0        0
  SINCE SEP 1      0                         0      0        0
  SINCE JAN 1      1                        20    -19       82
...................................................................


WIND (MPH)
  HIGHEST GUST SPEED    18   HIGHEST GUST DIRECTION    NW (320)


SKY COVER
  AVERAGE SKY COVER 0.4


WEATHER CONDITIONS
THE FOLLOWING WEATHER WAS RECORDED YESTERDAY.
  FOG


RELATIVE HUMIDITY (PERCENT)
 HIGHEST   100
 LOWEST     87
 AVERAGE    94

..........................................................


THE MCGRATH AK CLIMATE NORMALS FOR TODAY
                         NORMAL    RECORD    YEAR
 MAXIMUM TEMPERATURE (F)    9        47      1983
 MINIMUM TEMPERATURE (F)   -8       -46      1990


SUNRISE AND SUNSET
NOVEMBER 29 2020......SUNRISE  1023 AM AKST  SUNSET   359 PM AKST
NOVEMBER 30 2020......SUNRISE  1026 AM AKST  SUNSET   357 PM AKST

-  INDICATES NEGATIVE NUMBERS.
R  INDICATES RECORD WAS SET OR TIED.
MM INDICATES DATA IS MISSING.
T  INDICATES TRACE AMOUNT.

&&

----------------------------
AVAILABLE DAYLIGHT

AMOUNT OF DAYLIGHT TODAY  (HOUR:MIN)........5:36
GAIN/LOSS SINCE YESTERDAY (HOUR:MIN:SEC)....-0:04:24
----------------------------

$$
NOV 20
