656
CDUS43 KEAX 290032
CLIMCI
CLIMATE REPORT
NATIONAL WEATHER SERVICE
631 PM CST SAT NOV 28 2020

...................................

...THE KANSAS CITY INTERNATIONAL MO CLIMATE SUMMARY FOR NOVEMBER 28 2020...
VALID TODAY AS OF 0600 PM LOCAL TIME.

CLIMATE NORMAL PERIOD: 1981 TO 2010
CLIMATE RECORD PERIOD: 1888 TO 2020


WEATHER ITEM   OBSERVED TIME   RECORD YEAR NORMAL DEPARTURE LAST
                VALUE   (LST)  VALUE       VALUE  FROM      YEAR
                                                  NORMAL
...................................................................
TEMPERATURE (F)
 TODAY
  MAXIMUM         56   3:07 PM  71    1998  47      9       34
  MINIMUM         30   5:41 AM   1    1976  28      2       28
  AVERAGE         43                        37      6       31

PRECIPITATION (IN)
  TODAY            0.00          1.30 2006   0.06  -0.06     0.14
  MONTH TO DATE    1.66                      2.01  -0.35     0.54
  SINCE SEP 1      4.01                      9.79  -5.78     9.05
  SINCE JAN 1     32.82                     37.19  -4.37    51.09

SNOWFALL (IN)
  TODAY            0.0           3.2  1918   0.1   -0.1       T
  MONTH TO DATE    T                         1.0   -1.0      0.6
  SINCE SEP 1      0.9                       1.2   -0.3      1.9
  SINCE JUL 1      0.9                       1.2   -0.3      1.9
  SNOW DEPTH       0

DEGREE DAYS
 HEATING
  TODAY           22                        28     -6       34
  MONTH TO DATE  411                       587   -176      674
  SINCE SEP 1    867                       945    -78     1110
  SINCE JUL 1    868                       947    -79     1110

 COOLING
  TODAY            0                         0      0        0
  MONTH TO DATE    8                         0      8        0
  SINCE SEP 1    171                       185    -14      326
  SINCE JAN 1   1382                      1358     24     1449
...................................................................


WIND (MPH)
  HIGHEST WIND SPEED    18   HIGHEST WIND DIRECTION    SW (220)
  HIGHEST GUST SPEED    24   HIGHEST GUST DIRECTION    SW (230)
  AVERAGE WIND SPEED     9.0


SKY COVER
  POSSIBLE SUNSHINE  MM
  AVERAGE SKY COVER 0.1


WEATHER CONDITIONS
THE FOLLOWING WEATHER WAS RECORDED TODAY.
  NO SIGNIFICANT WEATHER WAS OBSERVED.


RELATIVE HUMIDITY (PERCENT)
 HIGHEST    78           6:00 AM
 LOWEST     40           2:00 PM
 AVERAGE    59

..........................................................


THE KANSAS CITY INTERNATIONAL MO CLIMATE NORMALS FOR TOMORROW
                         NORMAL    RECORD    YEAR
 MAXIMUM TEMPERATURE (F)   46        77      1933
 MINIMUM TEMPERATURE (F)   28         3      1976


SUNRISE AND SUNSET
NOVEMBER 28 2020......SUNRISE   7:17 AM CST   SUNSET   4:57 PM CST
NOVEMBER 29 2020......SUNRISE   7:18 AM CST   SUNSET   4:56 PM CST


-  INDICATES NEGATIVE NUMBERS.
R  INDICATES RECORD WAS SET OR TIED.
MM INDICATES DATA IS MISSING.
T  INDICATES TRACE AMOUNT.



&&

...MISCELLANEOUS CLIMATE DATA FROM TODAY...

LOCATION                HIGH    LOW      PRECIP
ST. JOSEPH               57      24       0.00
DOWNTOWN KANSAS CITY     57      28       0.00
OLATHE NEW CENTURY       55      28       0.00
OLATHE JO CO EXEC        55      29       0.00
LEES SUMMIT              56      33       0.00
KIRKSVILLE               57      25       0.00
CHILLICOTHE              58      26       0.00
SEDALIA                  55      32       0.00
NWS PLEASANT HILL MO     56      32       0.00


THIS PRODUCT...ALONG WITH OTHER WEATHER...HYDROLOGICAL AND CLIMATE
INFORMATION...IS AVAILABLE ON THE WEB AT HTTP://WWW.WEATHER.GOV/EAX
OR AT HTTP://WEATHER.GOV

$$

CDB
