000
CDUS42 KFFC 040920
CLIMCN

CLIMATE REPORT
NATIONAL WEATHER SERVICE PEACHTREE CITY GA
420 AM EST FRI DEC 04 2020

...................................

...THE MACON CLIMATE SUMMARY FOR DECEMBER 3 2020...

CLIMATE NORMAL PERIOD: 1981 TO 2010
CLIMATE RECORD PERIOD: 1899 TO 2020


WEATHER ITEM   OBSERVED TIME   RECORD YEAR NORMAL DEPARTURE LAST
                VALUE   (LST)  VALUE       VALUE  FROM      YEAR
                                                  NORMAL
...................................................................
TEMPERATURE (F)
 YESTERDAY
  MAXIMUM         61   2:55 PM  81    1970  63     -2       52
                                      1982
  MINIMUM         26   7:11 AM  17    1960  39    -13       28
  AVERAGE         44                        51     -7       40

PRECIPITATION (IN)
  YESTERDAY        0.00          2.70 1896   0.13  -0.13     0.00
  MONTH TO DATE    0.00                      0.40  -0.40     0.09
  SINCE DEC 1      0.00                      0.40  -0.40     0.09
  SINCE JAN 1     57.49                     42.04  15.45    35.89

SNOWFALL (IN)
  YESTERDAY        0.0           0.0  2001   0.0    0.0     MM
  MONTH TO DATE    0.0                       0.0    0.0     MM
  SINCE DEC 1      0.0                       0.0    0.0     MM
  SINCE JUL 1      0.0                       0.0    0.0      0.0
  SNOW DEPTH      MM

DEGREE DAYS
 HEATING
  YESTERDAY       21                        14      7       25
  MONTH TO DATE   68                        42     26       49
  SINCE DEC 1     68                        42     26       49
  SINCE JUL 1    267                       437   -170      422

 COOLING
  YESTERDAY        0                         0      0        0
  MONTH TO DATE    0                         0      0        0
  SINCE DEC 1      0                         0      0        0
  SINCE JAN 1   2509                      2163    346     2779
...................................................................


WIND (MPH)
  RESULTANT WIND SPEED   1   RESULTANT WIND DIRECTION  SE (150)
  HIGHEST WIND SPEED     8   HIGHEST WIND DIRECTION    SE (150)
  HIGHEST GUST SPEED    12   HIGHEST GUST DIRECTION    SE (130)
  AVERAGE WIND SPEED     2.0


SKY COVER
  AVERAGE SKY COVER 0.0


WEATHER CONDITIONS
THE FOLLOWING WEATHER WAS RECORDED YESTERDAY.
  FOG


RELATIVE HUMIDITY (PERCENT)
 HIGHEST    97          11:00 PM
 LOWEST     41           2:00 PM
 AVERAGE    69

..........................................................


THE MACON CLIMATE NORMALS FOR TODAY
                         NORMAL    RECORD    YEAR
 MAXIMUM TEMPERATURE (F)   63        81      1982
 MINIMUM TEMPERATURE (F)   38        20      1960
                                             1979


SUNRISE AND SUNSET
DECEMBER  4 2020......SUNRISE   7:22 AM EST   SUNSET   5:28 PM EST
DECEMBER  5 2020......SUNRISE   7:22 AM EST   SUNSET   5:28 PM EST


-  INDICATES NEGATIVE NUMBERS.
R  INDICATES RECORD WAS SET OR TIED.
MM INDICATES DATA IS MISSING.
T  INDICATES TRACE AMOUNT.




$$
