000
CDUS42 KMLB 040723
CLIMCO

CLIMATE REPORT
NATIONAL WEATHER SERVICE MELBOURNE FL
223 AM EST FRI DEC 04 2020

...................................

...THE ORLANDO INTL CLIMATE SUMMARY FOR DECEMBER 3 2020...

CLIMATE NORMAL PERIOD 1981 TO 2010
CLIMATE RECORD PERIOD 1892 TO 2020


WEATHER ITEM   OBSERVED TIME   RECORD YEAR NORMAL DEPARTURE LAST
                VALUE   (LST)  VALUE       VALUE  FROM      YEAR
                                                  NORMAL
...................................................................
TEMPERATURE (F)
 YESTERDAY
  MAXIMUM         73    241 PM  88    1928  75     -2       61
  MINIMUM         43    239 AM  29    1910  55    -12       43
  AVERAGE         58                        65     -7       52

PRECIPITATION (IN)
  YESTERDAY        0.00          1.74 1950   0.09  -0.09     0.00
  MONTH TO DATE    0.00                      0.25  -0.25     0.20
  SINCE DEC 1      0.00                      0.25  -0.25     0.20
  SINCE JAN 1     52.21                     48.40   3.81    43.24

SNOWFALL (IN)
  YESTERDAY        0.0
  MONTH TO DATE    0.0
  SINCE JUL 1      0.0

DEGREE DAYS
 HEATING
  YESTERDAY        7                         3      4       13
  MONTH TO DATE   38                         9     29       16
  SINCE DEC 1     38                         9     29       16
  SINCE JUL 1     38                        56    -18       52

 COOLING
  YESTERDAY        0                         3     -3        0
  MONTH TO DATE    0                         9     -9        7
  SINCE DEC 1      0                         9     -9        7
  SINCE JAN 1   4228                      3363    865     3992
...................................................................


WIND (MPH)
  HIGHEST WIND SPEED    17   HIGHEST WIND DIRECTION    SE (130)
  HIGHEST GUST SPEED    21   HIGHEST GUST DIRECTION    SE (120)
  AVERAGE WIND SPEED     5.8


SKY COVER
  AVERAGE SKY COVER 0.5


WEATHER CONDITIONS
THE FOLLOWING WEATHER WAS RECORDED YESTERDAY.
  NO SIGNIFICANT WEATHER WAS OBSERVED.


RELATIVE HUMIDITY (PERCENT)
 HIGHEST   100           700 AM
 LOWEST     51           100 PM
 AVERAGE    76

..........................................................


THE ORLANDO INTL CLIMATE NORMALS FOR TODAY
                         NORMAL    RECORD    YEAR
 MAXIMUM TEMPERATURE (F)   75        88      1934
                                             1978
 MINIMUM TEMPERATURE (F)   55        31      1903
                                             1910


SUNRISE AND SUNSET
DECEMBER  4 2020......SUNRISE   703 AM EST   SUNSET   528 PM EST
DECEMBER  5 2020......SUNRISE   704 AM EST   SUNSET   529 PM EST


-  INDICATES NEGATIVE NUMBERS.
R  INDICATES RECORD WAS SET OR TIED.
MM INDICATES DATA IS MISSING.
T  INDICATES TRACE AMOUNT.




$$
