000
CDUS43 KDMX 290629 RRA
CLIMCW

CLIMATE REPORT
NATIONAL WEATHER SERVICE DES MOINES IA
1227 AM CST SUN NOV 29 2020

...................................

...THE MASON CITY IA CLIMATE SUMMARY FOR NOVEMBER 28 2020...

CLIMATE NORMAL PERIOD 1981 TO 2010
CLIMATE RECORD PERIOD 1893 TO 2020


WEATHER ITEM   OBSERVED TIME   RECORD YEAR NORMAL DEPARTURE LAST
                VALUE   (LST)  VALUE       VALUE  FROM      YEAR
                                                  NORMAL
..................................................................
TEMPERATURE (F)
 YESTERDAY
  MAXIMUM         50    230 PM  63    2006  35     15       28
  MINIMUM         30   1257 AM -14    1897  18     12       16
  AVERAGE         40                        26     14       22

PRECIPITATION (IN)
  YESTERDAY        0.00          1.11 1987   0.06  -0.06     0.00
  MONTH TO DATE    2.39                      1.78   0.61     2.17
  SINCE SEP 1      6.11                      7.50  -1.39    14.99
  SINCE JAN 1     28.43                     33.86  -5.43    37.39

SNOWFALL (IN)
  YESTERDAY        0.0           4.2  1983   0.2   -0.2      0.0
  MONTH TO DATE    0.7                       3.8   -3.1      7.3
  SINCE SEP 1      1.6                       4.2   -2.6      7.3
  SINCE JUL 1      1.6                       4.2   -2.6      7.3
  SNOW DEPTH       0

DEGREE DAYS
 HEATING
  YESTERDAY       25                        39    -14       43
  MONTH TO DATE  704                       863   -159      995
  SINCE SEP 1   1551                      1565    -14     1689
  SINCE JUL 1   1582                      1601    -19     1709

 COOLING
  YESTERDAY        0                         0      0        0
  MONTH TO DATE    0                         0      0        0
  SINCE SEP 1     37                        60    -23      115
  SINCE JAN 1    748                       616    132      610
..................................................................


WIND (MPH)
  HIGHEST WIND SPEED    16   HIGHEST WIND DIRECTION    SW (220)
  HIGHEST GUST SPEED    22   HIGHEST GUST DIRECTION    SW (240)
  AVERAGE WIND SPEED    10.6


SKY COVER
  POSSIBLE SUNSHINE  MM
  AVERAGE SKY COVER 0.0


WEATHER CONDITIONS
 THE FOLLOWING WEATHER WAS RECORDED YESTERDAY.
  NO SIGNIFICANT WEATHER WAS OBSERVED.


RELATIVE HUMIDITY (PERCENT)
 HIGHEST    85          1200 AM
 LOWEST     56           200 PM
 AVERAGE    71

..........................................................


THE MASON CITY IA CLIMATE NORMALS FOR TODAY
                         NORMAL    RECORD    YEAR
 MAXIMUM TEMPERATURE (F)   35        67      1998
 MINIMUM TEMPERATURE (F)   17        -8      1929


SUNRISE AND SUNSET
NOVEMBER 29 2020......SUNRISE   724 AM CST   SUNSET   440 PM CST
NOVEMBER 30 2020......SUNRISE   725 AM CST   SUNSET   439 PM CST


-  INDICATES NEGATIVE NUMBERS.
R  INDICATES RECORD WAS SET OR TIED.
MM INDICATES DATA IS MISSING.
T  INDICATES TRACE AMOUNT.

$$

REV
