000
CDUS43 KPAH 282227
CLIMDH

CLIMATE REPORT
NATIONAL WEATHER SERVICE PADUCAH
427 PM CST SAT NOV 28 2020

...................................

...THE CARBONDALE IL CLIMATE SUMMARY FOR NOVEMBER 28 2020...
VALID TODAY AS OF 0425 PM LOCAL TIME.

CLIMATE NORMAL PERIOD 1981 TO 2010
CLIMATE RECORD PERIOD 1898 TO 2020


WEATHER ITEM   OBSERVED TIME   RECORD YEAR NORMAL DEPARTURE LAST
                VALUE   (LST)  VALUE       VALUE  FROM      YEAR
                                                  NORMAL
...................................................................
TEMPERATURE (F)
 TODAY
  MAXIMUM         52    258 PM  75    1990  50      2       38
  MINIMUM         27    642 AM  12    1955  32     -5       31
  AVERAGE         40                        41     -1       35

PRECIPITATION (IN)
  TODAY            0.00          1.62 1964   0.14  -0.14     0.02
  MONTH TO DATE    4.18                      3.98   0.20     1.92
  SINCE SEP 1     12.60                     11.27   1.33     9.60
  SINCE JAN 1     47.44                     40.67   6.77    50.68

...................................................................


WIND (MPH)
  HIGHEST WIND SPEED     7   HIGHEST WIND DIRECTION    NE (30)
  HIGHEST GUST SPEED    10   HIGHEST GUST DIRECTION     N (10)


RELATIVE HUMIDITY (PERCENT)
 HIGHEST    96
 LOWEST     41
 AVERAGE    69

..........................................................


THE CARBONDALE IL CLIMATE NORMALS FOR TOMORROW
                         NORMAL    RECORD    YEAR
 MAXIMUM TEMPERATURE (F)   50        74      1927
 MINIMUM TEMPERATURE (F)   32         7      1958


SUNRISE AND SUNSET
NOVEMBER 28 2020......SUNRISE   651 AM CST   SUNSET   439 PM CST
NOVEMBER 29 2020......SUNRISE   652 AM CST   SUNSET   439 PM CST


-  INDICATES NEGATIVE NUMBERS.
R  INDICATES RECORD WAS SET OR TIED.
MM INDICATES DATA IS MISSING.
T  INDICATES TRACE AMOUNT.




$$
