000
CDUS41 KCTP 280748
CLIMDT

CLIMATE REPORT
NATIONAL WEATHER SERVICE STATE COLLEGE PA
248 AM EST SAT NOV 28 2020

...................................

...THE HARRISBURG PA CLIMATE SUMMARY FOR NOVEMBER 27 2020...

CLIMATE NORMAL PERIOD 1981 TO 2010
CLIMATE RECORD PERIOD 1888 TO 2020


WEATHER ITEM   OBSERVED TIME   RECORD YEAR NORMAL DEPARTURE LAST
                VALUE   (LST)  VALUE       VALUE  FROM      YEAR
                                                  NORMAL
...................................................................
TEMPERATURE (F)
 YESTERDAY
  MAXIMUM         57    154 PM  71    1896  48      9       60
  MINIMUM         46    632 AM  13    1938  31     15       36
  AVERAGE         52                        40     12       48

PRECIPITATION (IN)
  YESTERDAY        0.00          1.44 1993   0.13  -0.13      T
  MONTH TO DATE    1.36                      2.85  -1.49     1.84
  SINCE SEP 1      6.23                     10.19  -3.96    11.79
  SINCE JAN 1     32.80                     37.13  -4.33    44.23

SNOWFALL (IN)
  YESTERDAY        0.0           4.0  1978   0.0    0.0      0.0
  MONTH TO DATE    T                         0.4   -0.4       T
  SINCE SEP 1      T                         0.4   -0.4       T
  SINCE JUL 1      T                         0.4   -0.4       T
  SNOW DEPTH       0

DEGREE DAYS
 HEATING
  YESTERDAY       13                        25    -12       17
  MONTH TO DATE  393                       549   -156      618
  SINCE SEP 1    668                       959   -291      822
  SINCE JUL 1    668                       961   -293      822

 COOLING
  YESTERDAY        0                         0      0        0
  MONTH TO DATE    0                         0      0        0
  SINCE SEP 1    147                       106     41      226
  SINCE JAN 1   1428                      1002    426     1446
...................................................................


WIND (MPH)
  HIGHEST WIND SPEED     6   HIGHEST WIND DIRECTION    SE (150)
  HIGHEST GUST SPEED     7   HIGHEST GUST DIRECTION    NW (300)
  AVERAGE WIND SPEED     0.9


SKY COVER
  POSSIBLE SUNSHINE  MM
  AVERAGE SKY COVER 1.0


WEATHER CONDITIONS
THE FOLLOWING WEATHER WAS RECORDED YESTERDAY.
  NO SIGNIFICANT WEATHER WAS OBSERVED.


RELATIVE HUMIDITY (PERCENT)
 HIGHEST    86          1100 PM
 LOWEST     64           200 PM
 AVERAGE    75

..........................................................


THE HARRISBURG PA CLIMATE NORMALS FOR TODAY
                         NORMAL    RECORD    YEAR
 MAXIMUM TEMPERATURE (F)   48        70      1973
                                             1990
 MINIMUM TEMPERATURE (F)   31        13      1930


SUNRISE AND SUNSET
NOVEMBER 28 2020......SUNRISE   708 AM EST   SUNSET   443 PM EST
NOVEMBER 29 2020......SUNRISE   709 AM EST   SUNSET   442 PM EST


-  INDICATES NEGATIVE NUMBERS.
R  INDICATES RECORD WAS SET OR TIED.
MM INDICATES DATA IS MISSING.
T  INDICATES TRACE AMOUNT.




$$
