561
CDUS41 KCTP 130627
CLIMDT

CLIMATE REPORT
NATIONAL WEATHER SERVICE STATE COLLEGE PA
227 AM EDT SUN JUN 13 2021

...................................

...THE HARRISBURG PA CLIMATE SUMMARY FOR JUNE 12 2021...

CLIMATE NORMAL PERIOD 1991 TO 2020
CLIMATE RECORD PERIOD 1888 TO 2021


WEATHER ITEM   OBSERVED TIME   RECORD YEAR NORMAL DEPARTURE LAST
                VALUE   (LST)  VALUE       VALUE  FROM      YEAR
                                                  NORMAL
...................................................................
TEMPERATURE (F)
 YESTERDAY
  MAXIMUM         79    329 PM  92    1967  82     -3       85
                                      1973
                                      2017
  MINIMUM         61    438 AM  44    1980  62     -1       64
  AVERAGE         70                        72     -2       75

PRECIPITATION (IN)
  YESTERDAY        0.00          1.88 1890   0.14  -0.14      T
  MONTH TO DATE    1.02                      1.58  -0.56     2.21
  SINCE JUN 1      1.02                      1.58  -0.56     2.21
  SINCE JAN 1     15.40                     18.28  -2.88    19.14

DEGREE DAYS
 HEATING
  YESTERDAY        0                         0      0        0
  MONTH TO DATE    0                         9     -9        7
  SINCE JUN 1      0                         9     -9        7
  SINCE JUL 1   4428                      5021   -593     4581

 COOLING
  YESTERDAY        5                         7     -2       10
  MONTH TO DATE  123                        69     54       97
  SINCE JUN 1    123                        69     54       97
  SINCE JAN 1    223                       151     72      153
...................................................................


WIND (MPH)
  HIGHEST WIND SPEED    10   HIGHEST WIND DIRECTION    NW (310)
  HIGHEST GUST SPEED    15   HIGHEST GUST DIRECTION     N (350)
  AVERAGE WIND SPEED     3.0


SKY COVER
  POSSIBLE SUNSHINE  MM
  AVERAGE SKY COVER 0.8


WEATHER CONDITIONS
THE FOLLOWING WEATHER WAS RECORDED YESTERDAY.
  NO SIGNIFICANT WEATHER WAS OBSERVED.


RELATIVE HUMIDITY (PERCENT)
 HIGHEST    86          1200 AM
 LOWEST     50           200 PM
 AVERAGE    68

..........................................................


THE HARRISBURG PA CLIMATE NORMALS FOR TODAY
                         NORMAL    RECORD    YEAR
 MAXIMUM TEMPERATURE (F)   82        96      2017
 MINIMUM TEMPERATURE (F)   62        45      1979


SUNRISE AND SUNSET
JUNE 13 2021..........SUNRISE   537 AM EDT   SUNSET   838 PM EDT
JUNE 14 2021..........SUNRISE   537 AM EDT   SUNSET   838 PM EDT


-  INDICATES NEGATIVE NUMBERS.
R  INDICATES RECORD WAS SET OR TIED.
MM INDICATES DATA IS MISSING.
T  INDICATES TRACE AMOUNT.




$$
