000
CDUS43 KLOT 282250
CLIMDW


CLIMATE REPORT
NATIONAL WEATHER SERVICE CHICAGO IL
450 PM CST SAT NOV 28 2020


...................................

...THE CHICAGO-MIDWAY CLIMATE SUMMARY FOR NOVEMBER 28 2020...
VALID TODAY AS OF 0400 PM LOCAL TIME.

CLIMATE NORMAL PERIOD 1981 TO 2010
CLIMATE RECORD PERIOD 1928 TO 2020


WEATHER ITEM   OBSERVED TIME   RECORD YEAR NORMAL DEPARTURE
                VALUE   (LST)  VALUE       VALUE  FROM
                                                  NORMAL
...............................................................
TEMPERATURE (F)
 TODAY
  MAXIMUM         50    305 PM  69    1998  42      8
  MINIMUM         28    715 AM  -3    1930  29     -1
  AVERAGE         39                        35      4

PRECIPITATION (IN)
  TODAY            0.00          1.56 1968   0.11  -0.11
  MONTH TO DATE    1.84                      3.20  -1.36
  SINCE SEP 1      9.03                      9.75  -0.72
  SINCE JAN 1     34.38                     36.30  -1.92

DEGREE DAYS
 HEATING
  TODAY           26                        30     -4
  MONTH TO DATE  475                       646   -171
  SINCE SEP 1    933                      1072   -139
  SINCE JUL 1    933                      1077   -144

 COOLING
  TODAY            0                         0      0
  MONTH TO DATE    6                         0      6
  SINCE SEP 1    110                       135    -25
  SINCE JAN 1   1274                      1045    229
...............................................................


WIND (MPH)
  RESULTANT WIND SPEED   8   RESULTANT WIND DIRECTION  SW (230)
  HIGHEST WIND SPEED    16   HIGHEST WIND DIRECTION    SW (210)
  HIGHEST GUST SPEED    26   HIGHEST GUST DIRECTION     S (190)
  AVERAGE WIND SPEED     8.6


SKY COVER
  POSSIBLE SUNSHINE  MM
  AVERAGE SKY COVER 0.1


WEATHER CONDITIONS
 THE FOLLOWING WEATHER WAS RECORDED TODAY.
  NO SIGNIFICANT WEATHER WAS OBSERVED.


..........................................................


THE CHICAGO-MIDWAY CLIMATE NORMALS FOR TOMORROW
                         NORMAL    RECORD    YEAR
 MAXIMUM TEMPERATURE (F)   41        69      1998
 MINIMUM TEMPERATURE (F)   28        -1      1929


SUNRISE AND SUNSET
NOVEMBER 28 2020......SUNRISE   656 AM CST   SUNSET   422 PM CST
NOVEMBER 29 2020......SUNRISE   657 AM CST   SUNSET   422 PM CST


-  INDICATES NEGATIVE NUMBERS.
R  INDICATES RECORD WAS SET OR TIED.
MM INDICATES DATA IS MISSING.
T  INDICATES TRACE AMOUNT.




$$
