000
CDUS44 KMEG 280848
CLIMEG

CLIMATE REPORT
NATIONAL WEATHER SERVICE MEMPHIS TN
248 AM CST SAT NOV 28 2020

...................................

...THE MEMPHIS/GERMANTOWN WFO CLIMATE SUMMARY FOR NOVEMBER 27 2020...

CLIMATE NORMAL PERIOD 1981 TO 2010
CLIMATE RECORD PERIOD 1988 TO 2020


WEATHER ITEM   OBSERVED TIME   RECORD YEAR NORMAL DEPARTURE LAST
                VALUE   (LST)  VALUE       VALUE  FROM      YEAR
                                                  NORMAL
...................................................................
TEMPERATURE (F)
 YESTERDAY
  MAXIMUM         62    127 PM  77    1989  57      5       70
  MINIMUM         38    449 AM  21    2013  37      1       44
  AVERAGE         50                        47      3       57

PRECIPITATION (IN)
  YESTERDAY        0.01          2.07 1988   0.21  -0.20     0.14
  MONTH TO DATE    1.24                      4.73  -3.49     4.32
  SINCE SEP 1      8.29                     12.31  -4.02    18.63
  SINCE JAN 1     50.27                     48.32   1.95    68.48

SNOWFALL (IN)
  YESTERDAY        0.0          MM      MM                   0.0
  MONTH TO DATE    0.0                                        T
  SINCE SEP 1      0.0                                        T
  SINCE JUL 1      0.0                                        T
  SNOW DEPTH       0

DEGREE DAYS
 HEATING
  YESTERDAY       15                        18     -3        8
  MONTH TO DATE  239                       359   -120      500
  SINCE SEP 1    412                       543   -131      665
  SINCE JUL 1    412                       543   -131      665

 COOLING
  YESTERDAY        0                         0      0        0
  MONTH TO DATE   19                         7     12        0
  SINCE SEP 1    355                       329     26      621
  SINCE JAN 1   1999                      1924     75     2346
...................................................................


THE MEMPHIS/GERMANTOWN WFO CLIMATE NORMALS FOR TODAY
                         NORMAL    RECORD    YEAR
 MAXIMUM TEMPERATURE (F)   57        79      1990
 MINIMUM TEMPERATURE (F)   36        19      2013


SUNRISE AND SUNSET
NOVEMBER 28 2020......SUNRISE   647 AM CST   SUNSET   448 PM CST
NOVEMBER 29 2020......SUNRISE   648 AM CST   SUNSET   447 PM CST


-  INDICATES NEGATIVE NUMBERS.
R  INDICATES RECORD WAS SET OR TIED.
MM INDICATES DATA IS MISSING.
T  INDICATES TRACE AMOUNT.




$$
