841
CDUS44 KMEG 130636
CLIMEG

CLIMATE REPORT
NATIONAL WEATHER SERVICE MEMPHIS TN
136 AM CDT SUN JUN 13 2021

...................................

...THE MEMPHIS/GERMANTOWN WFO CLIMATE SUMMARY FOR JUNE 12 2021...

CLIMATE NORMAL PERIOD 1981 TO 2010
CLIMATE RECORD PERIOD 1988 TO 2021


WEATHER ITEM   OBSERVED TIME   RECORD YEAR NORMAL DEPARTURE LAST
                VALUE   (LST)  VALUE       VALUE  FROM      YEAR
                                                  NORMAL
...................................................................
TEMPERATURE (F)
 YESTERDAY
  MAXIMUM         96R   446 PM  96    2010  87      9       88
                                      2013
  MINIMUM         76    522 AM  53    1988  67      9       59
  AVERAGE         86                        77      9       74

PRECIPITATION (IN)
  YESTERDAY        0.00          1.15 2014   0.11  -0.11     0.00
  MONTH TO DATE    2.30                      1.45   0.85     3.12
  SINCE JUN 1      2.30                      1.45   0.85     3.12
  SINCE JAN 1     29.93                     25.94   3.99    33.91

SNOWFALL (IN)
  YESTERDAY        0.0          MM      MM                   0.0
  MONTH TO DATE    0.0                                       0.0
  SINCE JUN 1      0.0                                       0.0
  SINCE JUL 1      8.9                                       0.7
  SNOW DEPTH       0

DEGREE DAYS
 HEATING
  YESTERDAY        0                         0      0        0
  MONTH TO DATE    0                         0      0        0
  SINCE JUN 1      0                         0      0        0
  SINCE JUL 1   3115                      3412   -297     2940

 COOLING
  YESTERDAY       21                        12      9        9
  MONTH TO DATE  122                       129     -7      148
  SINCE JUN 1    122                       129     -7      148
  SINCE JAN 1    343                       380    -37      381
...................................................................


THE MEMPHIS/GERMANTOWN WFO CLIMATE NORMALS FOR TODAY
                         NORMAL    RECORD    YEAR
 MAXIMUM TEMPERATURE (F)   88        97      2010
 MINIMUM TEMPERATURE (F)   67        56      1995
                                             2019


SUNRISE AND SUNSET
JUNE 13 2021..........SUNRISE   544 AM CDT   SUNSET   814 PM CDT
JUNE 14 2021..........SUNRISE   544 AM CDT   SUNSET   815 PM CDT


-  INDICATES NEGATIVE NUMBERS.
R  INDICATES RECORD WAS SET OR TIED.
MM INDICATES DATA IS MISSING.
T  INDICATES TRACE AMOUNT.




$$
