000
CDUS44 KJAN 290753
CLIMEI


CLIMATE REPORT
NATIONAL WEATHER SERVICE JACKSON MS
140 AM CST SUN NOV 29 2020


...................................

...THE MERIDIAN CLIMATE SUMMARY FOR NOVEMBER 28 2020...

CLIMATE NORMAL PERIOD 1981 TO 2010
CLIMATE RECORD PERIOD 1889 TO 2020


WEATHER ITEM   OBSERVED TIME   RECORD YEAR NORMAL DEPARTURE LAST
                VALUE   (LST)  VALUE       VALUE  FROM      YEAR
                                                  NORMAL
..................................................................
TEMPERATURE (F)
 YESTERDAY
  MAXIMUM         60    332 AM  79    2016  64     -4       69
                                      1908
  MINIMUM         50   1153 PM  19    1938  39     11       47
  AVERAGE         55                        51      4       58

PRECIPITATION (IN)
  YESTERDAY        0.00          2.91 2016   0.19  -0.19     0.00
  MONTH TO DATE    2.20                      4.56  -2.36     1.77
  SINCE SEP 1     11.20                     11.75  -0.55    13.67
  SINCE JAN 1     65.01                     50.71  14.30    56.62

SNOWFALL (IN)
  YESTERDAY        0.0           0.0  2001   0.0    0.0      0.0
  MONTH TO DATE    0.0                       0.0    0.0       T
  SINCE SEP 1      0.0                       0.0    0.0       T
  SINCE JUL 1      0.0                       0.0    0.0       T

DEGREE DAYS
 HEATING
  YESTERDAY       10                        14     -4        7
  MONTH TO DATE  179                       296   -117      354
  SINCE SEP 1    222                       420   -198      424
  SINCE JUL 1    222                       420   -198      424

 COOLING
  YESTERDAY        0                         0      0        0
  MONTH TO DATE   23                        13     10        0
  SINCE SEP 1    529                       406    123      763
  SINCE JAN 1   2512                      2026    486     2846
..................................................................


WIND (MPH)
  HIGHEST WIND SPEED    14   HIGHEST WIND DIRECTION    NE (50)
  HIGHEST GUST SPEED    19   HIGHEST GUST DIRECTION    NE (30)
  AVERAGE WIND SPEED     7.0


SKY COVER
  POSSIBLE SUNSHINE  MM
  AVERAGE SKY COVER 0.5


WEATHER CONDITIONS
 THE FOLLOWING WEATHER WAS RECORDED YESTERDAY.
  FOG


RELATIVE HUMIDITY (PERCENT)
 HIGHEST    93          1200 AM
 LOWEST     72          1200 PM
 AVERAGE    83

..........................................................


THE MERIDIAN CLIMATE NORMALS FOR TODAY
                         NORMAL    RECORD    YEAR
 MAXIMUM TEMPERATURE (F)   63        81      1949
 MINIMUM TEMPERATURE (F)   38        22      1976
                                             1959
                                             1955


SUNRISE AND SUNSET
NOVEMBER 29 2020......SUNRISE   637 AM CST   SUNSET   450 PM CST
NOVEMBER 30 2020......SUNRISE   638 AM CST   SUNSET   450 PM CST


-  INDICATES NEGATIVE NUMBERS.
R  INDICATES RECORD WAS SET OR TIED.
MM INDICATES DATA IS MISSING.
T  INDICATES TRACE AMOUNT.




$$
