000
CDUS44 KMEG 041009
CLIMEM

CLIMATE REPORT
NATIONAL WEATHER SERVICE MEMPHIS TN
409 AM CST FRI DEC 04 2020

...................................

...THE MEMPHIS CLIMATE SUMMARY FOR DECEMBER 3 2020...

CLIMATE NORMAL PERIOD 1981 TO 2010
CLIMATE RECORD PERIOD 1872 TO 2020


WEATHER ITEM   OBSERVED TIME   RECORD YEAR NORMAL DEPARTURE LAST
                VALUE   (LST)  VALUE       VALUE  FROM      YEAR
                                                  NORMAL
...................................................................
TEMPERATURE (F)
 YESTERDAY
  MAXIMUM         45    324 AM  75    1970  55    -10       51
                                      1982
                                      2012
  MINIMUM         39   1151 AM  15    1929  38      1       31
  AVERAGE         42                        47     -5       41

PRECIPITATION (IN)
  YESTERDAY        0.46          5.42 1978   0.19   0.27     0.00
  MONTH TO DATE    0.46                      0.59  -0.13     0.00
  SINCE DEC 1      0.46                      0.59  -0.13     0.00
  SINCE JAN 1     49.76                     48.53   1.23    69.61

SNOWFALL (IN)
  YESTERDAY        0.0           T    1895   0.0    0.0      0.0
  MONTH TO DATE    0.0                       0.0    0.0      0.0
  SINCE DEC 1      0.0                       0.0    0.0      0.0
  SINCE JUL 1      T                         T      0.0       T
  SNOW DEPTH       0

DEGREE DAYS
 HEATING
  YESTERDAY       23                        19      4       24
  MONTH TO DATE   73                        55     18       69
  SINCE DEC 1     73                        55     18       69
  SINCE JUL 1    485                       554    -69      719

 COOLING
  YESTERDAY        0                         0      0        0
  MONTH TO DATE    0                         0      0        0
  SINCE DEC 1      0                         0      0        0
  SINCE JAN 1   2167                      2256    -89     2479
...................................................................


WIND (MPH)
  HIGHEST WIND SPEED    14   HIGHEST WIND DIRECTION     S (170)
  HIGHEST GUST SPEED    17   HIGHEST GUST DIRECTION     E (100)
  AVERAGE WIND SPEED     6.6


SKY COVER
  POSSIBLE SUNSHINE  MM
  AVERAGE SKY COVER 1.0


WEATHER CONDITIONS
THE FOLLOWING WEATHER WAS RECORDED YESTERDAY.
  HEAVY RAIN
  RAIN
  LIGHT RAIN
  FOG


RELATIVE HUMIDITY (PERCENT)
 HIGHEST    96           900 PM
 LOWEST     43          1200 AM
 AVERAGE    70

..........................................................


THE MEMPHIS CLIMATE NORMALS FOR TODAY
                         NORMAL    RECORD    YEAR
 MAXIMUM TEMPERATURE (F)   55        78      1998
 MINIMUM TEMPERATURE (F)   38        18      1893


SUNRISE AND SUNSET
DECEMBER  4 2020......SUNRISE   653 AM CST   SUNSET   448 PM CST
DECEMBER  5 2020......SUNRISE   654 AM CST   SUNSET   448 PM CST


-  INDICATES NEGATIVE NUMBERS.
R  INDICATES RECORD WAS SET OR TIED.
MM INDICATES DATA IS MISSING.
T  INDICATES TRACE AMOUNT.




$$
