000
CDUS41 KCLE 282213
CLIMFD

CLIMATE REPORT
NATIONAL WEATHER SERVICE CLEVELAND, OH
513 PM EST SAT NOV 28 2020

...................................

...THE MANSFIELD OH CLIMATE SUMMARY FOR NOVEMBER 28 2020...
VALID TODAY AS OF 0500 PM LOCAL TIME.

CLIMATE NORMAL PERIOD 1981 TO 2010
CLIMATE RECORD PERIOD 1916 TO 2020


WEATHER ITEM   OBSERVED TIME   RECORD YEAR NORMAL DEPARTURE LAST
                VALUE   (LST)  VALUE       VALUE  FROM      YEAR
                                                  NORMAL
...................................................................
TEMPERATURE (F)
 TODAY
  MAXIMUM         46    232 PM  66    1990  43      3       37
                                      1998
                                      2005
  MINIMUM         31    623 AM   1    1930  29      2       34
  AVERAGE         39                        36      3       36

PRECIPITATION (IN)
  TODAY            0.00                      0.13  -0.13      T
  MONTH TO DATE    2.18                      3.57  -1.39     1.13
  SINCE SEP 1     12.62                      9.83   2.79     7.94
  SINCE JAN 1     38.04                     40.66  -2.62    44.32

SNOWFALL (IN)
  TODAY            0.0                       0.1   -0.1      0.0
  MONTH TO DATE    T                         1.9   -1.9      3.1
  SINCE SEP 1      T                         2.4   -2.4      3.1
  SINCE JUL 1      T                         2.4   -2.4      3.1
  SNOW DEPTH       0

DEGREE DAYS
 HEATING
  TODAY           26                        29     -3       29
  MONTH TO DATE  498                       654   -156      769
  SINCE SEP 1    963                      1197   -234     1071
  SINCE JUL 1    963                      1222   -259     1071

 COOLING
  TODAY            0                         0      0        0
  MONTH TO DATE    3                         0      3        0
  SINCE SEP 1     89                        70     19      201
  SINCE JAN 1   1027                       632    395      979
...................................................................


WIND (MPH)
  HIGHEST WIND SPEED    13   HIGHEST WIND DIRECTION     W (260)
  HIGHEST GUST SPEED    20   HIGHEST GUST DIRECTION     W (270)


SKY COVER
  POSSIBLE SUNSHINE  MM
  AVERAGE SKY COVER 0.4


WEATHER CONDITIONS
THE FOLLOWING WEATHER WAS RECORDED TODAY.
  FOG
  HAZE


RELATIVE HUMIDITY (PERCENT)
 HIGHEST    92          1000 AM
 LOWEST     53           400 PM
 AVERAGE    73

..........................................................


THE MANSFIELD OH CLIMATE NORMALS FOR TOMORROW
                         NORMAL    RECORD    YEAR
 MAXIMUM TEMPERATURE (F)   43        65      1927
                                             1998
 MINIMUM TEMPERATURE (F)   28         3      1976


SUNRISE AND SUNSET
NOVEMBER 28 2020......SUNRISE   732 AM EST   SUNSET   504 PM EST
NOVEMBER 29 2020......SUNRISE   733 AM EST   SUNSET   503 PM EST


-  INDICATES NEGATIVE NUMBERS.
R  INDICATES RECORD WAS SET OR TIED.
MM INDICATES DATA IS MISSING.
T  INDICATES TRACE AMOUNT.




$$
