000
CDUS44 KBRO 040738
CLIMFE


CLIMATE REPORT
NATIONAL WEATHER SERVICE BROWNSVILLE TX
134 AM CST FRI DEC 4 2020


...................................

...THE MCALLEN CLIMATE SUMMARY FOR DECEMBER 3 2020...

CLIMATE NORMAL PERIOD 1981 TO 2010
CLIMATE RECORD PERIOD 1961 TO 2020


WEATHER ITEM   OBSERVED TIME   RECORD YEAR NORMAL DEPARTURE LAST
                VALUE   (LST)  VALUE       VALUE  FROM      YEAR
                                                  NORMAL
..................................................................
TEMPERATURE (F)
 YESTERDAY
  MAXIMUM         64    403 PM  91    1978  75    -11       80
  MINIMUM         48    828 AM  33    1976  54     -6       49
  AVERAGE         56                        64     -8

PRECIPITATION (IN)
  YESTERDAY        T             0.86 1979   0.03  -0.03     0.00
  MONTH TO DATE    T                         0.09  -0.09     0.02
  SINCE DEC 1      T                         0.09  -0.09     0.02
  SINCE JAN 1     28.60                     21.10   7.50    19.44

SNOWFALL (IN)
  YESTERDAY       MM
  MONTH TO DATE    0.0
  SINCE DEC 1      0.0
  SINCE JUL 1      0.0
  SNOW DEPTH       0

DEGREE DAYS
 HEATING
  YESTERDAY        9                         4      5        0
  MONTH TO DATE   18                        12      6        3
  SINCE DEC 1     18                        12      6        3
  SINCE JUL 1     39                        72    -33       94

 COOLING
  YESTERDAY        0                         3     -3        0
  MONTH TO DATE    2                        11     -9        6
  SINCE DEC 1      2                        11     -9        6
  SINCE JAN 1   4989                      4380    609     5039
..................................................................


WIND (MPH)
  HIGHEST WIND SPEED    24   HIGHEST WIND DIRECTION     N (340)
  HIGHEST GUST SPEED    30   HIGHEST GUST DIRECTION     N (340)
  AVERAGE WIND SPEED    12.7



WEATHER CONDITIONS
 THE FOLLOWING WEATHER WAS RECORDED YESTERDAY.
  LIGHT RAIN


RELATIVE HUMIDITY (PERCENT)
 HIGHEST    46
 LOWEST     20
 AVERAGE    33

..........................................................


THE MCALLEN CLIMATE NORMALS FOR TODAY
                         NORMAL    RECORD    YEAR
 MAXIMUM TEMPERATURE (F)   74        92      1977
 MINIMUM TEMPERATURE (F)   54        37      2009
                                             1968


SUNRISE AND SUNSET
DECEMBER  4 2020......SUNRISE   706 AM CST   SUNSET   541 PM CST
DECEMBER  5 2020......SUNRISE   707 AM CST   SUNSET   541 PM CST


-  INDICATES NEGATIVE NUMBERS.
R  INDICATES RECORD WAS SET OR TIED.
MM INDICATES DATA IS MISSING.
T  INDICATES TRACE AMOUNT.




$$
