000
CDUS46 KMFR 260832
CLIMFR

CLIMATE REPORT
NATIONAL WEATHER SERVICE MEDFORD, OR
1232 AM PST THU NOV 26 2020

...................................

...THE MEDFORD OR CLIMATE SUMMARY FOR NOVEMBER 25 2020...

CLIMATE NORMAL PERIOD 1981 TO 2010
CLIMATE RECORD PERIOD 1911 TO 2020


WEATHER ITEM   OBSERVED TIME   RECORD YEAR NORMAL DEPARTURE LAST
                VALUE   (LST)  VALUE       VALUE  FROM      YEAR
                                                  NORMAL
...................................................................
TEMPERATURE (F)
 YESTERDAY
  MAXIMUM         50    355 PM  68    1936  49      1       47
  MINIMUM         38    753 AM  16    1993  35      3       31
  AVERAGE         44                        42      2       39

PRECIPITATION (IN)
  YESTERDAY        0.01          1.07 1915   0.12  -0.11     0.03
  MONTH TO DATE    3.22                      2.43   0.79     0.05
  SINCE OCT 1      3.38                      3.56  -0.18     0.70
  SINCE JAN 1     12.28                     14.27  -1.99    17.28

SNOWFALL (IN)
  YESTERDAY        0.0                       0.0    0.0      0.0
  MONTH TO DATE    0.0                       0.1   -0.1      0.0
  SINCE JUL 1      0.0                       0.1   -0.1      0.0
  SNOW DEPTH      MM

DEGREE DAYS
 HEATING
  YESTERDAY       21                        23     -2       26
  MONTH TO DATE  425                       491    -66      397
  SINCE SEP 1    580                       841   -261      883
  SINCE JUL 1    580                       851   -271      883

 COOLING
  YESTERDAY        0                         0      0        0
  MONTH TO DATE    0                         0      0        0
  SINCE SEP 1    220                       122     98      108
  SINCE JAN 1   1155                       829    326      929
...................................................................


WIND (MPH)
  HIGHEST WIND SPEED     9   HIGHEST WIND DIRECTION    NW (330)
  HIGHEST GUST SPEED    12   HIGHEST GUST DIRECTION     W (270)
  AVERAGE WIND SPEED     3.0


SKY COVER
  POSSIBLE SUNSHINE  MM
  AVERAGE SKY COVER 0.9


WEATHER CONDITIONS
THE FOLLOWING WEATHER WAS RECORDED YESTERDAY.
  LIGHT RAIN
  FOG


RELATIVE HUMIDITY (PERCENT)
 HIGHEST    89           800 AM
 LOWEST     54           200 PM
 AVERAGE    72

..........................................................


THE MEDFORD OR CLIMATE NORMALS FOR TODAY
                         NORMAL    RECORD    YEAR
 MAXIMUM TEMPERATURE (F)   49        64      2017
 MINIMUM TEMPERATURE (F)   35        18      1952


SUNRISE AND SUNSET
NOVEMBER 26 2020......SUNRISE   716 AM PST   SUNSET   442 PM PST
NOVEMBER 27 2020......SUNRISE   717 AM PST   SUNSET   441 PM PST


-  INDICATES NEGATIVE NUMBERS.
R  INDICATES RECORD WAS SET OR TIED.
MM INDICATES DATA IS MISSING.
T  INDICATES TRACE AMOUNT.




$$
