000
CDUS44 KBMX 280920
CLIMGM

CLIMATE REPORT
NATIONAL WEATHER SERVICE BIRMINGHAM AL
320 AM CST SAT NOV 28 2020

...................................

...THE MONTGOMERY CLIMATE SUMMARY FOR NOVEMBER 27 2020...

CLIMATE NORMAL PERIOD 1981 TO 2010
CLIMATE RECORD PERIOD 1872 TO 2020


WEATHER ITEM   OBSERVED TIME   RECORD YEAR NORMAL DEPARTURE LAST
                VALUE   (LST)  VALUE       VALUE  FROM      YEAR
                                                  NORMAL
...................................................................
TEMPERATURE (F)
 YESTERDAY
  MAXIMUM         74    241 PM  84    1990  65      9       78
  MINIMUM         57    650 AM  23    1903  41     16       53
  AVERAGE         66                        53     13       66

PRECIPITATION (IN)
  YESTERDAY        1.41          2.94 1988   0.17   1.24     0.16
  MONTH TO DATE    2.88                      4.08  -1.20     2.64
  SINCE SEP 1     10.63                     10.97  -0.34     8.29
  SINCE JAN 1     62.46                     47.68  14.78    42.05

SNOWFALL (IN)
  YESTERDAY        0.0                       0.0    0.0      0.0
  MONTH TO DATE    0.0                       0.0    0.0      0.0
  SINCE SEP 1      0.0                       0.0    0.0      0.0
  SINCE JUL 1      0.0                       0.0    0.0      0.0
  SNOW DEPTH      MM

DEGREE DAYS
 HEATING
  YESTERDAY        0                        12    -12        0
  MONTH TO DATE  124                       241   -117      303
  SINCE SEP 1    155                       332   -177      342
  SINCE JUL 1    155                       332   -177      342
...................................................................


WIND (MPH)
  HIGHEST WIND SPEED    14   HIGHEST WIND DIRECTION    NW (310)
  HIGHEST GUST SPEED    24   HIGHEST GUST DIRECTION    NW (330)
  AVERAGE WIND SPEED     2.0


SKY COVER
  AVERAGE SKY COVER 0.8


WEATHER CONDITIONS
THE FOLLOWING WEATHER WAS RECORDED YESTERDAY.
  THUNDERSTORM
  HEAVY RAIN
  RAIN
  LIGHT RAIN
  FOG
  HAZE


RELATIVE HUMIDITY (PERCENT)
 HIGHEST    93           700 PM
 LOWEST     69           200 PM
 AVERAGE    81

..........................................................


THE MONTGOMERY CLIMATE NORMALS FOR TODAY
                         NORMAL    RECORD    YEAR
 MAXIMUM TEMPERATURE (F)   65        82      1908
 MINIMUM TEMPERATURE (F)   41        22      2013


SUNRISE AND SUNSET
NOVEMBER 28 2020......SUNRISE   627 AM CST   SUNSET   441 PM CST
NOVEMBER 29 2020......SUNRISE   628 AM CST   SUNSET   440 PM CST


-  INDICATES NEGATIVE NUMBERS.
R  INDICATES RECORD WAS SET OR TIED.
MM INDICATES DATA IS MISSING.
T  INDICATES TRACE AMOUNT.




$$
