000
CDUS44 KBMX 130809
CLIMGM

CLIMATE REPORT
NATIONAL WEATHER SERVICE BIRMINGHAM AL
309 AM CDT SUN JUN 13 2021

...................................

...THE MONTGOMERY CLIMATE SUMMARY FOR JUNE 12 2021...

CLIMATE NORMAL PERIOD 1991 TO 2020
CLIMATE RECORD PERIOD 1872 TO 2021


WEATHER ITEM   OBSERVED TIME   RECORD YEAR NORMAL DEPARTURE LAST
                VALUE   (LST)  VALUE       VALUE  FROM      YEAR
                                                  NORMAL
...................................................................
TEMPERATURE (F)
 YESTERDAY
  MAXIMUM         92   1247 PM 101    1914  91      1       90
                                      1977
  MINIMUM         73   1159 PM  52    1913  69      4       67
  AVERAGE         83                        80      3       79

PRECIPITATION (IN)
  YESTERDAY        0.58          2.16 1981   0.12   0.46     0.00
  MONTH TO DATE    4.38                      1.54   2.84     3.62
  SINCE JUN 1      4.38                      1.54   2.84     3.62
  SINCE JAN 1     24.83                     24.14   0.69    34.55

DEGREE DAYS
 COOLING
  YESTERDAY       18                        15      3       14
  MONTH TO DATE  174                       166      8      184
  SINCE JUN 1    174                       166      8      184
  SINCE JAN 1    559                       591    -32      683
...................................................................


WIND (MPH)
  HIGHEST WIND SPEED    38   HIGHEST WIND DIRECTION    NW (330)
  HIGHEST GUST SPEED    44   HIGHEST GUST DIRECTION    NW (330)
  AVERAGE WIND SPEED     7.2


SKY COVER
  AVERAGE SKY COVER 0.3


WEATHER CONDITIONS
THE FOLLOWING WEATHER WAS RECORDED YESTERDAY.
  THUNDERSTORM
  HEAVY RAIN
  LIGHT RAIN
  HAZE


RELATIVE HUMIDITY (PERCENT)
 HIGHEST    94           600 AM
 LOWEST     60          1200 PM
 AVERAGE    77

..........................................................


THE MONTGOMERY CLIMATE NORMALS FOR TODAY
                         NORMAL    RECORD    YEAR
 MAXIMUM TEMPERATURE (F)   91       100      1963
 MINIMUM TEMPERATURE (F)   69        53      1903


SUNRISE AND SUNSET
JUNE 13 2021..........SUNRISE   538 AM CDT   SUNSET   753 PM CDT
JUNE 14 2021..........SUNRISE   538 AM CDT   SUNSET   754 PM CDT


-  INDICATES NEGATIVE NUMBERS.
R  INDICATES RECORD WAS SET OR TIED.
MM INDICATES DATA IS MISSING.
T  INDICATES TRACE AMOUNT.




$$
