211
CDUS41 KPBZ 260635
CLIMGW

CLIMATE REPORT
NATIONAL WEATHER SERVICE PITTSBURGH PA
135 AM EST THU NOV 26 2020

...................................

...THE MORGANTOWN WV CLIMATE SUMMARY FOR NOVEMBER 25 2020...

CLIMATE NORMAL PERIOD 1981 TO 2010
CLIMATE RECORD PERIOD 1872 TO 2020


WEATHER ITEM   OBSERVED TIME   RECORD YEAR NORMAL DEPARTURE LAST
                VALUE   (LST)  VALUE       VALUE  FROM      YEAR
                                                  NORMAL
...................................................................
TEMPERATURE (F)
 YESTERDAY
  MAXIMUM         65    358 PM  75    1979  50     15       54
  MINIMUM         38    557 AM   6    1950  33      5       35
  AVERAGE         52                        42     10       45

PRECIPITATION (IN)
  YESTERDAY        0.10          1.50 1919   0.11  -0.01     0.00
  MONTH TO DATE    1.91                      2.87  -0.96     1.62
  SINCE SEP 1      6.86                      8.86  -2.00     7.98
  SINCE JAN 1     35.81                     38.33  -2.52    39.98

DEGREE DAYS
 HEATING
  YESTERDAY       13                        24    -11       20
  MONTH TO DATE  368                       482   -114      631
  SINCE SEP 1    717                       913   -196      852
  SINCE JUL 1    717                       924   -207      852

 COOLING
  YESTERDAY        0                         0      0        0
  MONTH TO DATE    0                         0      0        0
  SINCE SEP 1    132                       104     28      253
  SINCE JAN 1   1134                       813    321     1177
...................................................................


WIND (MPH)
  HIGHEST WIND SPEED    15   HIGHEST WIND DIRECTION     S (160)
  HIGHEST GUST SPEED    20   HIGHEST GUST DIRECTION     S (170)
  AVERAGE WIND SPEED     5.4


SKY COVER
  POSSIBLE SUNSHINE  MM
  AVERAGE SKY COVER 0.6


WEATHER CONDITIONS
THE FOLLOWING WEATHER WAS RECORDED YESTERDAY.
  LIGHT RAIN
  FOG


RELATIVE HUMIDITY (PERCENT)
 HIGHEST    83           600 PM
 LOWEST     32          1100 AM
 AVERAGE    58

..........................................................


THE MORGANTOWN WV CLIMATE NORMALS FOR TODAY
                         NORMAL    RECORD    YEAR
 MAXIMUM TEMPERATURE (F)   49        73      1979
 MINIMUM TEMPERATURE (F)   33         6      1950


SUNRISE AND SUNSET
NOVEMBER 26 2020......SUNRISE   717 AM EST   SUNSET   457 PM EST
NOVEMBER 27 2020......SUNRISE   718 AM EST   SUNSET   457 PM EST


-  INDICATES NEGATIVE NUMBERS.
R  INDICATES RECORD WAS SET OR TIED.
MM INDICATES DATA IS MISSING.
T  INDICATES TRACE AMOUNT.




$$
