000
CDUS43 KFSD 130624
CLIMHE

CLIMATE REPORT
NATIONAL WEATHER SERVICE SIOUX FALLS SD
124 AM CDT SUN JUN 13 2021

...................................

...THE MITCHELL SD CLIMATE SUMMARY FOR JUNE 12 2021...

CLIMATE NORMAL PERIOD: 1991 TO 2020
CLIMATE RECORD PERIOD: 1893 TO 2021


WEATHER ITEM   OBSERVED TIME   RECORD YEAR NORMAL DEPARTURE LAST
                VALUE   (LST)  VALUE       VALUE  FROM      YEAR
                                                  NORMAL
...................................................................
TEMPERATURE (F)
 YESTERDAY
  MAXIMUM         87   4:54 PM 102    1956  80      7       89
  MINIMUM         55   3:43 AM  42    1927  58     -3       63
  AVERAGE         71                        69      2       76

PRECIPITATION (IN)
  YESTERDAY        0.00          2.03 2010   0.13  -0.13     0.00
  MONTH TO DATE    0.36                      1.53  -1.17     3.17
  SINCE JUN 1      0.36                      1.53  -1.17     3.17
  SINCE JAN 1      7.23                      8.45  -1.22     7.61

SNOWFALL (IN)
  YESTERDAY        0.0           0.0    MM  MM     MM        0.0
  MONTH TO DATE    0.0                       0.0    0.0      0.0
  SINCE JUN 1      0.0                       0.0    0.0      0.0
  SINCE JUL 1     30.0                      MM     MM       46.4
  SNOW DEPTH       0

DEGREE DAYS
 HEATING
  YESTERDAY        0                         1     -1        0
  MONTH TO DATE    1                        24    -23        3
  SINCE JUN 1      1                        24    -23        3
  SINCE JUL 1   6617                      7150   -533     7056

 COOLING
  YESTERDAY        6                         5      1       11
  MONTH TO DATE  155                        49    106      117
  SINCE JUN 1    155                        49    106      117
  SINCE JAN 1    219                        95    124      139
...................................................................


WIND (MPH)
  HIGHEST WIND SPEED    14   HIGHEST WIND DIRECTION    SE (150)
  HIGHEST GUST SPEED    17   HIGHEST GUST DIRECTION    SE (150)
  AVERAGE WIND SPEED     5.3


SKY COVER
  POSSIBLE SUNSHINE  MM
  AVERAGE SKY COVER 0.0


WEATHER CONDITIONS
THE FOLLOWING WEATHER WAS RECORDED YESTERDAY.
  NO SIGNIFICANT WEATHER WAS OBSERVED.


RELATIVE HUMIDITY (PERCENT)
 HIGHEST    81          12:00 AM
 LOWEST     22           3:00 PM
 AVERAGE    52

..........................................................


THE MITCHELL SD CLIMATE NORMALS FOR TODAY
                         NORMAL    RECORD    YEAR
 MAXIMUM TEMPERATURE (F)   81       106      1956
 MINIMUM TEMPERATURE (F)   58        38      1942


SUNRISE AND SUNSET
JUNE 13 2021..........SUNRISE   5:50 AM CDT   SUNSET   9:15 PM CDT
JUNE 14 2021..........SUNRISE   5:50 AM CDT   SUNSET   9:16 PM CDT


-  INDICATES NEGATIVE NUMBERS.
R  INDICATES RECORD WAS SET OR TIED.
MM INDICATES DATA IS MISSING.
T  INDICATES TRACE AMOUNT.




$$
