000
CDUS43 KTOP 280635
CLIMHK


CLIMATE REPORT
NATIONAL WEATHER SERVICE TOPEKA KS
1231 AM CST SAT NOV 28 2020


...................................

...THE MANHATTAN KS CLIMATE SUMMARY FOR NOVEMBER 27 2020...

CLIMATE NORMAL PERIOD 1981 TO 2010
CLIMATE RECORD PERIOD 9999 TO 9999


WEATHER ITEM   OBSERVED NORMAL DEPARTURE LAST
                VALUE   VALUE  FROM      YEAR
                               NORMAL
...............................................
TEMPERATURE (F)
 YESTERDAY
  MAXIMUM         55     49      6       43
  MINIMUM         26     25      1       26
  AVERAGE         41     37      4       35

PRECIPITATION (IN)
  YESTERDAY        0.00   0.04  -0.04     0.00
  MONTH TO DATE    2.31   1.51   0.80     0.40
  SINCE SEP 1      4.93   6.90  -1.97     5.54
  SINCE JAN 1     35.61  31.44   4.17    41.24

DEGREE DAYS
 HEATING
  YESTERDAY       24     28     -4       30
  MONTH TO DATE  449    590   -141      640
  SINCE SEP 1    918    986    -68     1073
  SINCE JUL 1    919    989    -70     1073

 COOLING
  YESTERDAY        0      0      0        0
  MONTH TO DATE    6      0      6        0
  SINCE SEP 1    176    178     -2      383
  SINCE JAN 1   1540   1361    179     1610
...............................................


WIND (MPH)
  HIGHEST WIND SPEED    13   HIGHEST WIND DIRECTION     N (20)
  HIGHEST GUST SPEED    18   HIGHEST GUST DIRECTION     N (20)
  AVERAGE WIND SPEED     3.0


SKY COVER
  AVERAGE SKY COVER 0.3


WEATHER CONDITIONS
 THE FOLLOWING WEATHER WAS RECORDED YESTERDAY.
  FOG
  HAZE


RELATIVE HUMIDITY (PERCENT)
 HIGHEST    89
 LOWEST     29
 AVERAGE    59

..........................................................


THE MANHATTAN KS CLIMATE NORMALS FOR TODAY
                         NORMAL
 MAXIMUM TEMPERATURE (F)   48
 MINIMUM TEMPERATURE (F)   25


SUNRISE AND SUNSET
NOVEMBER 28 2020......SUNRISE   724 AM CST   SUNSET   505 PM CST
NOVEMBER 29 2020......SUNRISE   725 AM CST   SUNSET   505 PM CST


-  INDICATES NEGATIVE NUMBERS.
R  INDICATES RECORD WAS SET OR TIED.
MM INDICATES DATA IS MISSING.
T  INDICATES TRACE AMOUNT.




$$
