868
CDUS43 KTOP 130634
CLIMHK

CLIMATE REPORT
NATIONAL WEATHER SERVICE TOPEKA KS
134 AM CDT SUN JUN 13 2021

...................................

...THE MANHATTAN KS CLIMATE SUMMARY FOR JUNE 12 2021...

CLIMATE NORMAL PERIOD 1991 TO 2020
CLIMATE RECORD PERIOD 9999 TO 9999


WEATHER ITEM   OBSERVED NORMAL DEPARTURE LAST
                VALUE   VALUE  FROM      YEAR
                               NORMAL
................................................
TEMPERATURE (F)
 YESTERDAY
  MAXIMUM         88     86      2       93
  MINIMUM         62     63     -1       59
  AVERAGE         75     74      1       76

PRECIPITATION (IN)
  YESTERDAY        0.00   0.17  -0.17     0.00
  MONTH TO DATE    0.01   2.09  -2.08     1.34
  SINCE JUN 1      0.01   2.09  -2.08     1.34
  SINCE JAN 1     12.11  13.31  -1.20    17.08

DEGREE DAYS
 HEATING
  YESTERDAY        0      0      0        0
  MONTH TO DATE    0      4     -4        0
  SINCE JUN 1      0      4     -4        0
  SINCE JUL 1   4974   5100   -126     4898

 COOLING
  YESTERDAY       10     10      0       11
  MONTH TO DATE  118     97     21      163
  SINCE JUN 1    118     97     21      163
  SINCE JAN 1    232    228      4      250
................................................


WIND (MPH)
  HIGHEST WIND SPEED    17   HIGHEST WIND DIRECTION    NE (40)
  HIGHEST GUST SPEED    22   HIGHEST GUST DIRECTION    NE (40)
  AVERAGE WIND SPEED     6.4


SKY COVER
  AVERAGE SKY COVER 0.2


WEATHER CONDITIONS
THE FOLLOWING WEATHER WAS RECORDED YESTERDAY.
  NO SIGNIFICANT WEATHER WAS OBSERVED.


RELATIVE HUMIDITY (PERCENT)
 HIGHEST    88
 LOWEST     33
 AVERAGE    61

..........................................................


THE MANHATTAN KS CLIMATE NORMALS FOR TODAY
                         NORMAL    RECORD    YEAR
 MAXIMUM TEMPERATURE (F)   86        MM        MM
 MINIMUM TEMPERATURE (F)   63        MM        MM


SUNRISE AND SUNSET
JUNE 13 2021..........SUNRISE   600 AM CDT   SUNSET   854 PM CDT
JUNE 14 2021..........SUNRISE   600 AM CDT   SUNSET   854 PM CDT


-  INDICATES NEGATIVE NUMBERS.
R  INDICATES RECORD WAS SET OR TIED.
MM INDICATES DATA IS MISSING.
T  INDICATES TRACE AMOUNT.




$$
