000
CDUS46 KMFR 260832
CLIMHS

CLIMATE REPORT
NATIONAL WEATHER SERVICE MEDFORD, OR
1232 AM PST THU NOV 26 2020

...................................

...THE MT SHASTA CITY CA CLIMATE SUMMARY FOR NOVEMBER 25 2020...

CLIMATE NORMAL PERIOD 1981 TO 2010
CLIMATE RECORD PERIOD 1908 TO 2020


WEATHER ITEM   OBSERVED TIME   RECORD YEAR NORMAL DEPARTURE LAST
                VALUE   (LST)  VALUE       VALUE  FROM      YEAR
                                                  NORMAL
...................................................................
TEMPERATURE (F)
 YESTERDAY
  MAXIMUM         46   1237 PM  68    1950  48     -2       45
  MINIMUM         32    759 AM   6    1993  28      4       31
  AVERAGE         39                        38      1       38

PRECIPITATION (IN)
  YESTERDAY        0.11          1.60 1960   0.19  -0.08     0.02
  MONTH TO DATE    1.69                      4.06  -2.37     0.07
  SINCE OCT 1      1.70                      6.34  -4.64     0.28
  SINCE JAN 1     14.61                     34.34 -19.73    39.94

SNOWFALL (IN)
  YESTERDAY       MM                         0.4   MM       MM
  MONTH TO DATE   MM                         5.6   MM       MM
  SINCE JUL 1     MM                         5.8   MM        0.0
  SNOW DEPTH      MM

DEGREE DAYS
 HEATING
  YESTERDAY       26                        27     -1       27
  MONTH TO DATE  576                       594    -18      425
  SINCE SEP 1    878                      1183   -305     1141
  SINCE JUL 1    882                      1258   -376     1162

 COOLING
  YESTERDAY        0                         0      0        0
  MONTH TO DATE    0                         0      0        0
  SINCE SEP 1     79                        28     51       27
  SINCE JAN 1    561                       288    273      359
...................................................................


WIND (MPH)
  HIGHEST WIND SPEED    10   HIGHEST WIND DIRECTION     N (340)
  HIGHEST GUST SPEED    21   HIGHEST GUST DIRECTION     N (350)
  AVERAGE WIND SPEED     3.9


SKY COVER
  POSSIBLE SUNSHINE  MM
  AVERAGE SKY COVER 0.5


WEATHER CONDITIONS
THE FOLLOWING WEATHER WAS RECORDED YESTERDAY.
  RAIN
  LIGHT RAIN
  FOG


RELATIVE HUMIDITY (PERCENT)
 HIGHEST    92           100 AM
 LOWEST     47           200 PM

..........................................................


THE MT SHASTA CITY CA CLIMATE NORMALS FOR TODAY
                         NORMAL    RECORD    YEAR
 MAXIMUM TEMPERATURE (F)   47        64      2014
 MINIMUM TEMPERATURE (F)   28        12      1993


SUNRISE AND SUNSET
NOVEMBER 26 2020......SUNRISE   711 AM PST   SUNSET   442 PM PST
NOVEMBER 27 2020......SUNRISE   712 AM PST   SUNSET   442 PM PST


-  INDICATES NEGATIVE NUMBERS.
R  INDICATES RECORD WAS SET OR TIED.
MM INDICATES DATA IS MISSING.
T  INDICATES TRACE AMOUNT.




$$
