000
CDUS41 KGYX 290905
CLIMHT


CLIMATE REPORT
NATIONAL WEATHER SERVICE GRAY ME
404 AM EST SUN NOV 29 2020


...................................

...THE MANCHESTER CLIMATE SUMMARY FOR NOVEMBER 28 2020...

CLIMATE NORMAL PERIOD 1981 TO 2010
CLIMATE RECORD PERIOD 1885 TO 2020


WEATHER ITEM   OBSERVED TIME   RECORD YEAR NORMAL DEPARTURE LAST
                VALUE   (LST)  VALUE       VALUE  FROM      YEAR
                                                  NORMAL
..................................................................
TEMPERATURE (F)
 YESTERDAY
  MAXIMUM         53    111 PM  64    2011  45      8       45
  MINIMUM         34   1119 PM   9    1936  29      5       33
  AVERAGE         44                        37      7

PRECIPITATION (IN)
  YESTERDAY        0.00          2.58 1937   0.12  -0.12     0.19
  MONTH TO DATE    3.00                      3.81  -0.81     2.36
  SINCE SEP 1      8.49                     11.78  -3.29     5.76
  SINCE JAN 1     27.81                     41.04 -13.23    28.72

SNOWFALL (IN)
  YESTERDAY        0.0          MM      MM  MM               0.0
  MONTH TO DATE    T                        MM                T
  SINCE JUL 1      2.5                      MM                T
  SNOW DEPTH       0

DEGREE DAYS
 HEATING
  YESTERDAY       21                        28     -7       26
  MONTH TO DATE  551                       651   -100      753
  SINCE SEP 1    999                      1220   -221     1169
  SINCE JUL 1   1006                      1238   -232     1171

 COOLING
  YESTERDAY        0                         0      0        0
  MONTH TO DATE    1                         0      1        0
  SINCE SEP 1    102                        56     46       69
  SINCE JAN 1   1085                       642    443      844
..................................................................


WIND (MPH)
  RESULTANT WIND SPEED   1   RESULTANT WIND DIRECTION  SW (240)
  HIGHEST WIND SPEED    16   HIGHEST WIND DIRECTION     W (280)
  HIGHEST GUST SPEED    22   HIGHEST GUST DIRECTION     W (280)



WEATHER CONDITIONS
 THE FOLLOWING WEATHER WAS RECORDED YESTERDAY.
  NO SIGNIFICANT WEATHER WAS OBSERVED.


RELATIVE HUMIDITY (PERCENT)
 HIGHEST    92
 LOWEST     50
 AVERAGE    71

..........................................................


THE MANCHESTER CLIMATE NORMALS FOR TODAY
                         NORMAL    RECORD    YEAR
 MAXIMUM TEMPERATURE (F)   44        63      2003
 MINIMUM TEMPERATURE (F)   29         9      1940


SUNRISE AND SUNSET
NOVEMBER 29 2020......SUNRISE   655 AM EST   SUNSET   413 PM EST
NOVEMBER 30 2020......SUNRISE   656 AM EST   SUNSET   413 PM EST


-  INDICATES NEGATIVE NUMBERS.
R  INDICATES RECORD WAS SET OR TIED.
MM INDICATES DATA IS MISSING.
T  INDICATES TRACE AMOUNT.




$$
