169
CDUS42 KMFL 282120
CLIMIA


CLIMATE REPORT
NATIONAL WEATHER SERVICE MIAMI, FL
416 PM EST SAT NOV 28 2020


...................................

...THE MIAMI CLIMATE SUMMARY FOR NOVEMBER 28 2020...
VALID TODAY AS OF 0400 PM LOCAL TIME.

CLIMATE NORMAL PERIOD 1981 TO 2010
CLIMATE RECORD PERIOD 1895 TO 2020


WEATHER ITEM   OBSERVED TIME   RECORD YEAR NORMAL DEPARTURE LAST
                VALUE   (LST)  VALUE       VALUE  FROM      YEAR
                                                  NORMAL
..................................................................
TEMPERATURE (F)
 TODAY
  MAXIMUM         81    154 PM  88    1988  80      1       86
  MINIMUM         70    731 AM  38    1903  66      4       67
  AVERAGE         76                        73      3       77

PRECIPITATION (IN)
  TODAY            0.04          1.34 1947   0.09  -0.05     0.00
  MONTH TO DATE    9.49                      3.10   6.39     1.62
  SINCE NOV 1      9.49                      3.10   6.39     1.62
  SINCE JAN 1     84.86                     59.69  25.17    60.72

SNOWFALL (IN)
  TODAY            0.0
  MONTH TO DATE    0.0
  SINCE SEP 1      0.0
  SINCE JUL 1      0.0
  SNOW DEPTH       0

DEGREE DAYS
 HEATING
  TODAY            0                         0      0        0
  MONTH TO DATE    0                         0      0        4
  SINCE SEP 1      0                         0      0        4
  SINCE JUL 1      0                         0      0        4

 COOLING
  TODAY           11                         8      3       12
  MONTH TO DATE  359                       284     75      321
  SINCE SEP 1   1470                      1281    189     1514
  SINCE JAN 1   5187                      4356    831     4992
..................................................................


WIND (MPH)
  HIGHEST WIND SPEED     9   HIGHEST WIND DIRECTION     N (20)
  HIGHEST GUST SPEED    12   HIGHEST GUST DIRECTION    NE (30)
  AVERAGE WIND SPEED     2.1


SKY COVER
  AVERAGE SKY COVER 0.6


WEATHER CONDITIONS
 THE FOLLOWING WEATHER WAS RECORDED TODAY.
  LIGHT RAIN
  FOG


RELATIVE HUMIDITY (PERCENT)
 HIGHEST   100
 LOWEST     62
 AVERAGE    81

..........................................................


THE MIAMI CLIMATE NORMALS FOR TOMORROW
                         NORMAL    RECORD    YEAR
 MAXIMUM TEMPERATURE (F)   80        88      1948
 MINIMUM TEMPERATURE (F)   66        39      1903


SUNRISE AND SUNSET
NOVEMBER 28 2020......SUNRISE   649 AM EST   SUNSET   529 PM EST
NOVEMBER 29 2020......SUNRISE   650 AM EST   SUNSET   529 PM EST


-  INDICATES NEGATIVE NUMBERS.
R  INDICATES RECORD WAS SET OR TIED.
MM INDICATES DATA IS MISSING.
T  INDICATES TRACE AMOUNT.




$$
