000
CDUS43 KIND 040636
CLIMIE

CLIMATE REPORT
NATIONAL WEATHER SERVICE INDIANAPOLIS IN
136 AM EST FRI DEC 04 2020

...................................

...THE MUNCIE IN CLIMATE SUMMARY FOR DECEMBER 3 2020...

CLIMATE NORMAL PERIOD 1981 TO 2010
CLIMATE RECORD PERIOD 9999 TO 9999


WEATHER ITEM   OBSERVED TIME   NORMAL DEPARTURE LAST
                VALUE   (LST)  VALUE  FROM      YEAR
                                      NORMAL
.......................................................
TEMPERATURE (F)
 YESTERDAY
  MAXIMUM         44    339 PM  42      2       39
  MINIMUM         27    325 AM  27      0       31
  AVERAGE         36            35      1       35

PRECIPITATION (IN)
  YESTERDAY        T             0.11  -0.11     0.00
  MONTH TO DATE    T             0.30  -0.30     0.63
  SINCE DEC 1      T             0.30  -0.30     0.63
  SINCE JAN 1     32.45         37.54  -5.09    40.60

DEGREE DAYS
 HEATING
  YESTERDAY       29            30     -1       30
  MONTH TO DATE   95            89      6       80
  SINCE DEC 1     95            89      6       80
  SINCE JUL 1    939          1224   -285     1118

 COOLING
  YESTERDAY        0             0      0        0
  MONTH TO DATE    0             0      0        0
  SINCE DEC 1      0             0      0        0
  SINCE JAN 1   1217           956    261     1355
.......................................................


WIND (MPH)
  HIGHEST WIND SPEED    15   HIGHEST WIND DIRECTION    SW (210)
  HIGHEST GUST SPEED    23   HIGHEST GUST DIRECTION     S (200)
  AVERAGE WIND SPEED     7.9


SKY COVER
  AVERAGE SKY COVER 0.4


WEATHER CONDITIONS
THE FOLLOWING WEATHER WAS RECORDED YESTERDAY.
  LIGHT RAIN


RELATIVE HUMIDITY (PERCENT)
 HIGHEST    69           300 AM
 LOWEST     47           200 PM
 AVERAGE    58

..........................................................


THE MUNCIE IN CLIMATE NORMALS FOR TODAY
                         NORMAL    RECORD    YEAR
 MAXIMUM TEMPERATURE (F)   42        MM        MM
 MINIMUM TEMPERATURE (F)   27        MM        MM


SUNRISE AND SUNSET
DECEMBER  4 2020......SUNRISE   748 AM EST   SUNSET   516 PM EST
DECEMBER  5 2020......SUNRISE   749 AM EST   SUNSET   515 PM EST


-  INDICATES NEGATIVE NUMBERS.
R  INDICATES RECORD WAS SET OR TIED.
MM INDICATES DATA IS MISSING.
T  INDICATES TRACE AMOUNT.




$$
