505
CDUS43 KMKX 130634
CLIMKE

CLIMATE REPORT
NATIONAL WEATHER SERVICE MILWAUKEE/SULLIVAN WI
134 AM CDT SUN JUN 13 2021

...................................

...THE MILWAUKEE  WI CLIMATE SUMMARY FOR JUNE 12 2021...

CLIMATE NORMAL PERIOD 1991 TO 2020
CLIMATE RECORD PERIOD 1871 TO 2021


WEATHER ITEM   OBSERVED TIME   RECORD YEAR NORMAL DEPARTURE LAST
                VALUE   (LST)  VALUE       VALUE  FROM      YEAR
                                                  NORMAL
...................................................................
TEMPERATURE (F)
 YESTERDAY
  MAXIMUM         84    141 PM  95    1956  76      8       65
  MINIMUM         64    353 AM  42    1903  57      7       51
  AVERAGE         74                        67      7       58

PRECIPITATION (IN)
  YESTERDAY        0.00          1.23 2019   0.15  -0.15      T
  MONTH TO DATE    0.06                      1.73  -1.67     0.74
  SINCE JUN 1      0.06                      1.73  -1.67     0.74
  SINCE JAN 1      7.90                     14.81  -6.91    16.43

SNOWFALL (IN)
  YESTERDAY        0.0           0.0  2020   0.0    0.0      0.0
  MONTH TO DATE    0.0                       0.0    0.0      0.0
  SINCE JUN 1      0.0                       0.0    0.0      0.0
  SINCE JUL 1     47.8                      48.7   -0.9     37.8
  SNOW DEPTH       0

DEGREE DAYS
 HEATING
  YESTERDAY        0                         2     -2        7
  MONTH TO DATE    2                        42    -40       14
  SINCE JUN 1      2                        42    -40       14
  SINCE JUL 1   6029                      6429   -400     6277

 COOLING
  YESTERDAY        9                         4      5        0
  MONTH TO DATE  122                        39     83       72
  SINCE JUN 1    122                        39     83       72
  SINCE JAN 1    191                        78    113      107
...................................................................


WIND (MPH)
  HIGHEST WIND SPEED    10   HIGHEST WIND DIRECTION     E (100)
  HIGHEST GUST SPEED    17   HIGHEST GUST DIRECTION     E (80)
  AVERAGE WIND SPEED     4.8


SKY COVER
  POSSIBLE SUNSHINE  MM
  AVERAGE SKY COVER 0.5


WEATHER CONDITIONS
THE FOLLOWING WEATHER WAS RECORDED YESTERDAY.
  NO SIGNIFICANT WEATHER WAS OBSERVED.


RELATIVE HUMIDITY (PERCENT)
 HIGHEST    90           300 AM
 LOWEST     61           300 PM
 AVERAGE    76

..........................................................


THE MILWAUKEE  WI CLIMATE NORMALS FOR TODAY
                         NORMAL    RECORD    YEAR
 MAXIMUM TEMPERATURE (F)   76        95      1956
 MINIMUM TEMPERATURE (F)   58        42      1968


SUNRISE AND SUNSET
JUNE 13 2021..........SUNRISE   512 AM CDT   SUNSET   832 PM CDT
JUNE 14 2021..........SUNRISE   512 AM CDT   SUNSET   832 PM CDT


-  INDICATES NEGATIVE NUMBERS.
R  INDICATES RECORD WAS SET OR TIED.
MM INDICATES DATA IS MISSING.
T  INDICATES TRACE AMOUNT.




$$
