000
CDUS43 KGRR 260524
CLIMKG

CLIMATE REPORT
NATIONAL WEATHER SERVICE GRAND RAPIDS, MICHIGAN
1224 AM EST THU NOV 26 2020

...................................

...THE MUSKEGON CLIMATE SUMMARY FOR NOVEMBER 25 2020...

CLIMATE NORMAL PERIOD: 1981 TO 2010
CLIMATE RECORD PERIOD: 1896 TO 2020


WEATHER ITEM   OBSERVED TIME   RECORD YEAR NORMAL DEPARTURE LAST
                VALUE   (LST)  VALUE       VALUE  FROM      YEAR
                                                  NORMAL
...................................................................
TEMPERATURE (F)
 YESTERDAY
  MAXIMUM         44   3:37 PM  56    1896  42      2       47
                                      1952
                                      2015
  MINIMUM         36   2:02 AM -14    1950  31      5       32
  AVERAGE         40                        37      3       40

PRECIPITATION (IN)
  YESTERDAY        0.48          0.76 1952   0.10   0.38     0.00
  MONTH TO DATE    1.88                      2.83  -0.95     2.12
  SINCE SEP 1      8.07                      9.83  -1.76    15.81
  SINCE JAN 1     32.46                     30.41   2.05    42.94

SNOWFALL (IN)
  YESTERDAY        0.0           9.2  2005   0.3   -0.3      0.0
  MONTH TO DATE    1.2                       4.0   -2.8     10.9
  SINCE SEP 1      1.2                       4.2   -3.0     10.9
  SINCE JUL 1      1.2                       4.2   -3.0     10.9
  SNOW DEPTH       T

DEGREE DAYS
 HEATING
  YESTERDAY       25                        28     -3       25
  MONTH TO DATE  453                       597   -144      731
  SINCE SEP 1   1005                      1190   -185     1233
  SINCE JUL 1   1010                      1220   -210     1237

 COOLING
  YESTERDAY        0                         0      0        0
  MONTH TO DATE    4                         0      4        0
  SINCE SEP 1     48                        59    -11       95
  SINCE JAN 1    846                       566    280      640
...................................................................


WIND (MPH)
  RESULTANT WIND SPEED   5   RESULTANT WIND DIRECTION   E (90)
  HIGHEST WIND SPEED    13   HIGHEST WIND DIRECTION     E (70)
  HIGHEST GUST SPEED    17   HIGHEST GUST DIRECTION     E (100)
  AVERAGE WIND SPEED     6.8


SKY COVER
  AVERAGE SKY COVER 1.0


WEATHER CONDITIONS
THE FOLLOWING WEATHER WAS RECORDED YESTERDAY.
  RAIN
  LIGHT RAIN
  FOG
  FOG W/VISIBILITY <= 1/4 MILE


RELATIVE HUMIDITY (PERCENT)
 HIGHEST    97          12:00 PM
 LOWEST     89           1:00 AM
 AVERAGE    93

..........................................................


THE MUSKEGON CLIMATE NORMALS FOR TODAY
                         NORMAL    RECORD    YEAR
 MAXIMUM TEMPERATURE (F)   42        63      1976
                                             1984
                                             1990
 MINIMUM TEMPERATURE (F)   31         8      1977


SUNRISE AND SUNSET
NOVEMBER 26 2020......SUNRISE   7:52 AM EST   SUNSET   5:13 PM EST
NOVEMBER 27 2020......SUNRISE   7:53 AM EST   SUNSET   5:12 PM EST


-  INDICATES NEGATIVE NUMBERS.
R  INDICATES RECORD WAS SET OR TIED.
MM INDICATES DATA IS MISSING.
T  INDICATES TRACE AMOUNT.




$$
