000
CDUS44 KMEG 260739
CLIMKL

CLIMATE REPORT
NATIONAL WEATHER SERVICE MEMPHIS TN
139 AM CST THU NOV 26 2020

...................................

...THE JACKSON CLIMATE SUMMARY FOR NOVEMBER 25 2020...

CLIMATE NORMAL PERIOD 1981 TO 2010
CLIMATE RECORD PERIOD 1948 TO 2020


WEATHER ITEM   OBSERVED TIME   RECORD YEAR NORMAL DEPARTURE LAST
                VALUE   (LST)  VALUE       VALUE  FROM      YEAR
                                                  NORMAL
...................................................................
TEMPERATURE (F)
 YESTERDAY
  MAXIMUM         70   1255 PM  75    1958  57     13       65
                                      1965
  MINIMUM         44   1017 PM   1    1950  36      8       40
  AVERAGE         57                        46     11       53

PRECIPITATION (IN)
  YESTERDAY        0.72          2.04 2010   0.18   0.54     0.00
  MONTH TO DATE    1.27                      3.96  -2.69     2.64
  SINCE SEP 1      7.94                     11.11  -3.17    12.67
  SINCE JAN 1     49.44                     46.98   2.46    59.38

DEGREE DAYS
 HEATING
  YESTERDAY        8                        19    -11       12
  MONTH TO DATE  284                       354    -70      537
  SINCE SEP 1    498                       568    -70      731
  SINCE JUL 1    498                       568    -70      731

 COOLING
  YESTERDAY        0                         0      0        0
  MONTH TO DATE   15                         2     13        0
  SINCE SEP 1    249                       270    -21      487
  SINCE JAN 1   1624                      1693    -69     1948
...................................................................


WIND (MPH)
  HIGHEST WIND SPEED    25   HIGHEST WIND DIRECTION    SW (240)
  HIGHEST GUST SPEED    38   HIGHEST GUST DIRECTION     S (170)
  AVERAGE WIND SPEED    13.6


SKY COVER
  POSSIBLE SUNSHINE  MM
  AVERAGE SKY COVER 0.6


WEATHER CONDITIONS
THE FOLLOWING WEATHER WAS RECORDED YESTERDAY.
  THUNDERSTORM
  HEAVY RAIN
  RAIN
  LIGHT RAIN
  FOG


RELATIVE HUMIDITY (PERCENT)
 HIGHEST    93           600 AM
 LOWEST     49          1200 AM
 AVERAGE    71

..........................................................


THE JACKSON CLIMATE NORMALS FOR TODAY
                         NORMAL    RECORD    YEAR
 MAXIMUM TEMPERATURE (F)   57        82      1965
 MINIMUM TEMPERATURE (F)   36        19      1977


SUNRISE AND SUNSET
NOVEMBER 26 2020......SUNRISE   643 AM CST   SUNSET   443 PM CST
NOVEMBER 27 2020......SUNRISE   643 AM CST   SUNSET   443 PM CST


-  INDICATES NEGATIVE NUMBERS.
R  INDICATES RECORD WAS SET OR TIED.
MM INDICATES DATA IS MISSING.
T  INDICATES TRACE AMOUNT.




$$
