849
CDUS42 KMLB 282116
CLIMLB

CLIMATE REPORT
NATIONAL WEATHER SERVICE MELBOURNE FL
416 PM EST SAT NOV 28 2020

...................................

...THE MELBOURNE CLIMATE SUMMARY FOR NOVEMBER 28 2020...
VALID TODAY AS OF 0400 PM LOCAL TIME.

CLIMATE NORMAL PERIOD 1981 TO 2010
CLIMATE RECORD PERIOD 1939 TO 2020


WEATHER ITEM   OBSERVED TIME   RECORD YEAR NORMAL DEPARTURE LAST
                VALUE   (LST)  VALUE       VALUE  FROM      YEAR
                                                  NORMAL
...................................................................
TEMPERATURE (F)
 TODAY
  MAXIMUM         83    328 PM  88    1948  76      7       81
                                      1976
  MINIMUM         62    714 AM  35    1938  57      5       57
  AVERAGE         73                        66      7       69

PRECIPITATION (IN)
  TODAY            0.00          0.82 1972   0.09  -0.09     0.00
  MONTH TO DATE    4.36                      2.71   1.65     1.50
  SINCE SEP 1     16.35                     15.41   0.94     9.90
  SINCE JAN 1     48.73                     49.26  -0.53    48.32

SNOWFALL (IN)
  TODAY            0.0
  MONTH TO DATE    0.0
  SINCE JUL 1      0.0

DEGREE DAYS
 HEATING
  TODAY            0                         2     -2        0
  MONTH TO DATE    0                        34    -34       36
  SINCE SEP 1      0                        38    -38       36
  SINCE JUL 1      0                        38    -38       36

 COOLING
  TODAY            8                         4      4        4
  MONTH TO DATE  246                       150     96      162
  SINCE SEP 1   1217                       961    256     1216
  SINCE JAN 1   3920                      3187    733     4066
...................................................................


WIND (MPH)
  HIGHEST WIND SPEED    12   HIGHEST WIND DIRECTION     S (190)
  HIGHEST GUST SPEED    13   HIGHEST GUST DIRECTION    SW (220)
  AVERAGE WIND SPEED     4.9


SKY COVER
  AVERAGE SKY COVER 0.1


WEATHER CONDITIONS
THE FOLLOWING WEATHER WAS RECORDED TODAY.
  FOG


RELATIVE HUMIDITY (PERCENT)
 HIGHEST   100          1200 AM
 LOWEST     56           300 PM
 AVERAGE    78

..........................................................


THE MELBOURNE CLIMATE NORMALS FOR TOMORROW
                         NORMAL    RECORD    YEAR
 MAXIMUM TEMPERATURE (F)   76        87      1982
 MINIMUM TEMPERATURE (F)   56        30      1966


SUNRISE AND SUNSET
NOVEMBER 28 2020......SUNRISE   655 AM EST   SUNSET   526 PM EST
NOVEMBER 29 2020......SUNRISE   656 AM EST   SUNSET   526 PM EST


-  INDICATES NEGATIVE NUMBERS.
R  INDICATES RECORD WAS SET OR TIED.
MM INDICATES DATA IS MISSING.
T  INDICATES TRACE AMOUNT.




$$
