000
CDUS43 KDVN 282220
CLIMLI

CLIMATE REPORT
NATIONAL WEATHER SERVICE QUAD CITIES IA IL
420 PM CST SAT NOV 28 2020

...................................

...THE MOLINE IL CLIMATE SUMMARY FOR NOVEMBER 28 2020...
VALID TODAY AS OF 0400 PM LOCAL TIME.

CLIMATE NORMAL PERIOD 1981 TO 2010
CLIMATE RECORD PERIOD 1872 TO 2020


WEATHER ITEM   OBSERVED TIME   RECORD YEAR NORMAL DEPARTURE LAST
                VALUE   (LST)  VALUE       VALUE  FROM      YEAR
                                                  NORMAL
...................................................................
TEMPERATURE (F)
 TODAY
  MAXIMUM         55    315 PM  67    2006  42     13       34
  MINIMUM         25    547 AM  -4    1976  25      0       32
  AVERAGE         40                        33      7       33

PRECIPITATION (IN)
  TODAY            0.00          1.57 1934   0.09  -0.09     0.01
  MONTH TO DATE    2.15                      2.40  -0.25     1.67
  SINCE SEP 1     10.64                      8.46   2.18    12.51
  SINCE JAN 1     33.59                     35.62  -2.03    47.20

SNOWFALL (IN)
  TODAY            0.0          MM      MM   0.1   -0.1      0.0
  MONTH TO DATE    T                         1.0   -1.0      3.5
  SINCE SEP 1      0.7                       1.0   -0.3      9.3
  SINCE JUL 1      0.7                       1.0   -0.3      9.3
  SNOW DEPTH       0

DEGREE DAYS
 HEATING
  TODAY           25                        32     -7       32
  MONTH TO DATE  504                       684   -180      828
  SINCE SEP 1   1052                      1158   -106     1278
  SINCE JUL 1   1052                      1166   -114     1278

 COOLING
  TODAY            0                         0      0        0
  MONTH TO DATE    4                         0      4        0
  SINCE SEP 1     90                       120    -30      235
  SINCE JAN 1   1044                      1003     41     1249
...................................................................


WIND (MPH)
  HIGHEST WIND SPEED    16   HIGHEST WIND DIRECTION    SW (210)
  HIGHEST GUST SPEED    22   HIGHEST GUST DIRECTION    SW (210)
  AVERAGE WIND SPEED     5.7


SKY COVER
  POSSIBLE SUNSHINE  MM
  AVERAGE SKY COVER 0.0


WEATHER CONDITIONS
THE FOLLOWING WEATHER WAS RECORDED TODAY.
  NO SIGNIFICANT WEATHER WAS OBSERVED.


RELATIVE HUMIDITY (PERCENT)
 HIGHEST    78           100 AM
 LOWEST     45           300 PM
 AVERAGE    62

..........................................................


THE MOLINE IL CLIMATE NORMALS FOR TOMORROW
                         NORMAL    RECORD    YEAR
 MAXIMUM TEMPERATURE (F)   41        69      1998
 MINIMUM TEMPERATURE (F)   24       -10      1891


SUNRISE AND SUNSET
NOVEMBER 28 2020......SUNRISE   706 AM CST   SUNSET   434 PM CST
NOVEMBER 29 2020......SUNRISE   707 AM CST   SUNSET   434 PM CST


-  INDICATES NEGATIVE NUMBERS.
R  INDICATES RECORD WAS SET OR TIED.
MM INDICATES DATA IS MISSING.
T  INDICATES TRACE AMOUNT.




$$
