000
CDUS45 KBYZ 041040
CLIMLS

CLIMATE REPORT
NATIONAL WEATHER SERVICE BILLINGS MT
340 AM MST FRI DEC 04 2020

...................................

...THE MILES CITY MT CLIMATE SUMMARY FOR DECEMBER 3 2020...

CLIMATE NORMAL PERIOD 1981 TO 2010
CLIMATE RECORD PERIOD 1937 TO 2020


WEATHER ITEM   OBSERVED TIME   RECORD YEAR NORMAL DEPARTURE LAST
                VALUE   (LST)  VALUE       VALUE  FROM      YEAR
                                                  NORMAL
...................................................................
TEMPERATURE (F)
 YESTERDAY
  MAXIMUM         47    304 PM  60    1943  34     13       49
  MINIMUM         17    705 AM -12    1972  13      4       30
  AVERAGE         32                        24      8       40

PRECIPITATION (IN)
  YESTERDAY        0.00          0.44 1941   0.01  -0.01     0.00
  MONTH TO DATE    T                         0.03  -0.03     0.00
  SINCE OCT 1      1.13                      1.34  -0.21     0.44
  SINCE JAN 1     10.75                     12.18  -1.43    14.56

DEGREE DAYS
 HEATING
  YESTERDAY       33                        42     -9       25
  MONTH TO DATE  105                       124    -19      108
  SINCE DEC 1    105                       124    -19      108
  SINCE JUL 1   1840                      1918    -78     2115

 COOLING
  YESTERDAY        0                         0      0        0
  MONTH TO DATE    0                         0      0        0
  SINCE DEC 1      0                         0      0        0
  SINCE JAN 1    731                       730      1      601
...................................................................


WIND (MPH)
  HIGHEST WIND SPEED    13   HIGHEST WIND DIRECTION     W (250)
  HIGHEST GUST SPEED    16   HIGHEST GUST DIRECTION     W (260)
  AVERAGE WIND SPEED     6.9


SKY COVER
  POSSIBLE SUNSHINE  MM
  AVERAGE SKY COVER 0.0


WEATHER CONDITIONS
THE FOLLOWING WEATHER WAS RECORDED YESTERDAY.
  NO SIGNIFICANT WEATHER WAS OBSERVED.


RELATIVE HUMIDITY (PERCENT)
 HIGHEST    81           400 AM
 LOWEST     31           200 PM
 AVERAGE    56

..........................................................


THE MILES CITY MT CLIMATE NORMALS FOR TODAY
                         NORMAL    RECORD    YEAR
 MAXIMUM TEMPERATURE (F)   34        67      1979
 MINIMUM TEMPERATURE (F)   13       -21      1972


SUNRISE AND SUNSET
DECEMBER  4 2020......SUNRISE   731 AM MST   SUNSET   417 PM MST
DECEMBER  5 2020......SUNRISE   732 AM MST   SUNSET   417 PM MST


-  INDICATES NEGATIVE NUMBERS.
R  INDICATES RECORD WAS SET OR TIED.
MM INDICATES DATA IS MISSING.
T  INDICATES TRACE AMOUNT.




$$
