000
CDUS41 KCAR 260621
CLIMLT

CLIMATE REPORT
NATIONAL WEATHER SERVICE CARIBOU ME
121 AM EST THU NOV 26 2020

...................................

...THE MILLINOCKET ME CLIMATE SUMMARY FOR NOVEMBER 25 2020...

CLIMATE NORMAL PERIOD: 1981 TO 2010
CLIMATE RECORD PERIOD: 1903 TO 2020


WEATHER ITEM   OBSERVED TIME   RECORD YEAR NORMAL DEPARTURE LAST
                VALUE   (LST)  VALUE       VALUE  FROM      YEAR
                                                  NORMAL
...................................................................
TEMPERATURE (F)
 YESTERDAY
  MAXIMUM         27  11:16 PM  62    1953  38    -11       38
  MINIMUM         15   1:27 AM  -5    1989  24     -9       28
  AVERAGE         21                        31    -10       33

PRECIPITATION (IN)
  YESTERDAY        0.19          2.19 1953   0.16   0.03     0.10
  MONTH TO DATE    3.75                      3.60   0.15     3.42
  SINCE SEP 1     11.11                     11.39  -0.28     8.44
  SINCE JAN 1     33.01                     38.32  -5.31     9.01

SNOWFALL (IN)
  YESTERDAY       MM            MM      MM         MM       MM
  MONTH TO DATE   MM                               MM       MM
  SINCE SEP 1     MM                               MM       MM
  SINCE JUL 1     MM                               MM       MM
  SNOW DEPTH      MM

DEGREE DAYS
 HEATING
  YESTERDAY       44                        34     10       32
  MONTH TO DATE  679                       733    -54      845
  SINCE SEP 1   1511                      1588    -77     1367
  SINCE JUL 1   1575                      1667    -92     1367

 COOLING
  YESTERDAY        0                         0      0        0
  MONTH TO DATE    0                         0      0        0
  SINCE SEP 1     24                        17      7        0
  SINCE JAN 1    527                       268    259        0
...................................................................


WIND (MPH)
  HIGHEST WIND SPEED     7   HIGHEST WIND DIRECTION     N (340)
  HIGHEST GUST SPEED    11   HIGHEST GUST DIRECTION     S (190)
  AVERAGE WIND SPEED     1.9


SKY COVER
  POSSIBLE SUNSHINE  MM
  AVERAGE SKY COVER 0.7


WEATHER CONDITIONS
THE FOLLOWING WEATHER WAS RECORDED YESTERDAY.
  LT FREEZING RAIN
  SNOW
  LIGHT SNOW
  FOG
  FOG W/VISIBILITY <= 1/4 MILE


RELATIVE HUMIDITY (PERCENT)
 HIGHEST    96          11:00 PM
 LOWEST     68          10:00 AM
 AVERAGE    82

..........................................................


THE MILLINOCKET ME CLIMATE NORMALS FOR TODAY
                         NORMAL    RECORD    YEAR
 MAXIMUM TEMPERATURE (F)   37        61      1953
 MINIMUM TEMPERATURE (F)   24        -5      1938


SUNRISE AND SUNSET
NOVEMBER 26 2020......SUNRISE   6:49 AM EST   SUNSET   3:55 PM EST
NOVEMBER 27 2020......SUNRISE   6:51 AM EST   SUNSET   3:54 PM EST


-  INDICATES NEGATIVE NUMBERS.
*  INDICATES RECORD WAS SET OR TIED.
MM INDICATES DATA IS MISSING.
T  INDICATES TRACE AMOUNT.




$$
