416
CDUS44 KSHV 290838
CLIMLU

CLIMATE REPORT
NATIONAL WEATHER SERVICE SHREVEPORT, LA
238 AM CST SUN NOV 29 2020

...................................

...THE MONROE CLIMATE SUMMARY FOR NOVEMBER 28 2020...

CLIMATE NORMAL PERIOD: 1981 TO 2010
CLIMATE RECORD PERIOD: 1893 TO 2020


WEATHER ITEM   OBSERVED TIME   RECORD YEAR NORMAL DEPARTURE LAST
                VALUE   (LST)  VALUE       VALUE  FROM      YEAR
                                                  NORMAL
...................................................................
TEMPERATURE (F)
 YESTERDAY
  MAXIMUM         58  12:30 AM  84    1949  64     -6       60
  MINIMUM         50  10:18 PM  23    1903  41      9       50
                                      2013
  AVERAGE         54                        52      2       55

PRECIPITATION (IN)
  YESTERDAY        0.00          3.60 1896   0.19  -0.19     0.00
  MONTH TO DATE    0.85                      4.47  -3.62     2.01
  SINCE SEP 1     16.73                     12.88   3.85    12.39
  SINCE JAN 1     65.75                     48.36  17.39    57.58

SNOWFALL (IN)
  YESTERDAY        0.0
  MONTH TO DATE    0.0
  SINCE SEP 1      0.0
  SINCE JUL 1      0.0
  SNOW DEPTH       0

DEGREE DAYS
 HEATING
  YESTERDAY       11                        13     -2       10
  MONTH TO DATE  146                       255   -109      356
  SINCE SEP 1    222                       345   -123      454
  SINCE JUL 1    222                       345   -123      454

 COOLING
  YESTERDAY        0                         0      0        0
  MONTH TO DATE   22                        22      0        4
  SINCE SEP 1    519                       499     20      704
  SINCE JAN 1   2527                      2506     21     2756
...................................................................


WIND (MPH)
  HIGHEST WIND SPEED    15   HIGHEST WIND DIRECTION    NE (50)
  HIGHEST GUST SPEED    19   HIGHEST GUST DIRECTION    NE (50)
  AVERAGE WIND SPEED     7.2


SKY COVER
  POSSIBLE SUNSHINE  MM
  AVERAGE SKY COVER 0.3


WEATHER CONDITIONS
THE FOLLOWING WEATHER WAS RECORDED YESTERDAY.
  NO SIGNIFICANT WEATHER WAS OBSERVED.


RELATIVE HUMIDITY (PERCENT)
 HIGHEST    90          12:00 AM
 LOWEST     77           2:00 PM
 AVERAGE    84

..........................................................


THE MONROE CLIMATE NORMALS FOR TODAY
                         NORMAL    RECORD    YEAR
 MAXIMUM TEMPERATURE (F)   63        82      1933
 MINIMUM TEMPERATURE (F)   41        19      1976


SUNRISE AND SUNSET
NOVEMBER 29 2020......SUNRISE   6:51 AM CST   SUNSET   5:02 PM CST
NOVEMBER 30 2020......SUNRISE   6:51 AM CST   SUNSET   5:02 PM CST


-  INDICATES NEGATIVE NUMBERS.
R  INDICATES RECORD WAS SET OR TIED.
MM INDICATES DATA IS MISSING.
T  INDICATES TRACE AMOUNT.




$$
