267
CDUS46 KPQR 170221
CLIMMV

CLIMATE REPORT
NATIONAL WEATHER SERVICE PORTLAND OREGON
721 PM PDT SUN MAY 16 2021

...................................

...THE MCMINNVILLE OR CLIMATE SUMMARY FOR MAY 16 2021...
VALID TODAY AS OF 0700 PM LOCAL TIME.

CLIMATE NORMAL PERIOD 1991 TO 2020
CLIMATE RECORD PERIOD 1894 TO 2021


WEATHER ITEM   OBSERVED TIME   RECORD YEAR NORMAL DEPARTURE LAST
                VALUE   (LST)  VALUE       VALUE  FROM      YEAR
                                                  NORMAL
...................................................................
TEMPERATURE (F)
 TODAY
  MAXIMUM         80    300 PM  97    2008  68     12       66
  MINIMUM         46        MM  34    1914  44      2       50
                                      1938
                                      2002
  AVERAGE         63                        56      7       58

PRECIPITATION (IN)
  TODAY            0.00                      0.07  -0.07     0.14
  MONTH TO DATE    0.17                      1.04  -0.87     1.67
  SINCE OCT 1     30.35                     33.46  -3.11    24.37
  SINCE JAN 1     15.67                     17.79  -2.12    15.53

DEGREE DAYS
 HEATING
  TODAY            2                                         7
  MONTH TO DATE  125                                       136
  SINCE MAR 1   1094                                      1177
  SINCE JUL 1   4054                                      4395

 COOLING
  TODAY            0                                         0
  MONTH TO DATE    0                                        14
  SINCE MAR 1      0                                        14
  SINCE JAN 1      0                                        14
...................................................................


WIND (MPH)
  HIGHEST WIND SPEED     7   HIGHEST WIND DIRECTION    SW (230)
  HIGHEST GUST SPEED    MM   HIGHEST GUST DIRECTION    MM
  AVERAGE WIND SPEED     3.5


SKY COVER
  POSSIBLE SUNSHINE  MM
  AVERAGE SKY COVER 0.0


WEATHER CONDITIONS
THE FOLLOWING WEATHER WAS RECORDED TODAY.
  NO SIGNIFICANT WEATHER WAS OBSERVED.


RELATIVE HUMIDITY (PERCENT)
 HIGHEST    86           600 AM
 LOWEST     36          1200 PM
 AVERAGE    61

..........................................................


THE MCMINNVILLE OR CLIMATE NORMALS FOR TOMORROW
                         NORMAL    RECORD    YEAR
 MAXIMUM TEMPERATURE (F)   69        94      1956
 MINIMUM TEMPERATURE (F)   45        30      1966


SUNRISE AND SUNSET
MAY 16 2021...........SUNRISE   441 AM PST   SUNSET   737 PM PST
MAY 17 2021...........SUNRISE   440 AM PST   SUNSET   738 PM PST


-  INDICATES NEGATIVE NUMBERS.
R  INDICATES RECORD WAS SET OR TIED.
MM INDICATES DATA IS MISSING.
T  INDICATES TRACE AMOUNT.




$$
