000
CDUS46 KPQR 261142
CLIMMV


CLIMATE REPORT
NATIONAL WEATHER SERVICE PORTLAND OREGON
341 AM PST THU NOV 26 2020


...................................

...THE MCMINNVILLE OR CLIMATE SUMMARY FOR NOVEMBER 25 2020...

CLIMATE NORMAL PERIOD 1981 TO 2010
CLIMATE RECORD PERIOD 1894 TO 2020


WEATHER ITEM   OBSERVED TIME   RECORD YEAR NORMAL DEPARTURE LAST
                VALUE   (LST)  VALUE       VALUE  FROM      YEAR
                                                  NORMAL
..................................................................
TEMPERATURE (F)
 YESTERDAY
  MAXIMUM         50    347 PM  67    1943  49      1       50
  MINIMUM         37    212 AM  15    1985  37      0       34
  AVERAGE         44                        43      1       42

PRECIPITATION (IN)
  YESTERDAY        0.11          2.60 1998   0.26  -0.15     0.03
  MONTH TO DATE    5.84                      5.36   0.48     0.49
  SINCE OCT 1      7.32                      8.51  -1.19     3.07
  SINCE JAN 1     27.41                     32.22  -4.81    23.02

DEGREE DAYS
 HEATING
  YESTERDAY       21                        22     -1       23
  MONTH TO DATE  487                       486      1      479
  SINCE JUL 1    917                      1109   -192     1091

 COOLING
  YESTERDAY        0                         0      0        0
  MONTH TO DATE    0                         0      0        0
  SINCE JAN 1    343                       215    128      282
..................................................................


WIND (MPH)
  HIGHEST WIND SPEED    13   HIGHEST WIND DIRECTION    SW (210)
  HIGHEST GUST SPEED    15   HIGHEST GUST DIRECTION     S (200)
  AVERAGE WIND SPEED     6.3


SKY COVER
  POSSIBLE SUNSHINE  MM
  AVERAGE SKY COVER 0.6


WEATHER CONDITIONS
 THE FOLLOWING WEATHER WAS RECORDED YESTERDAY.
  LIGHT RAIN
  FOG


RELATIVE HUMIDITY (PERCENT)
 HIGHEST   100           200 AM
 LOWEST     80           300 PM
 AVERAGE    90

..........................................................


THE MCMINNVILLE OR CLIMATE NORMALS FOR TODAY
                         NORMAL    RECORD    YEAR
 MAXIMUM TEMPERATURE (F)   49        62      1977
                                             1947
 MINIMUM TEMPERATURE (F)   37        18      1896


SUNRISE AND SUNSET
NOVEMBER 26 2020......SUNRISE   726 AM PST   SUNSET   434 PM PST
NOVEMBER 27 2020......SUNRISE   727 AM PST   SUNSET   433 PM PST


-  INDICATES NEGATIVE NUMBERS.
R  INDICATES RECORD WAS SET OR TIED.
MM INDICATES DATA IS MISSING.
T  INDICATES TRACE AMOUNT.




$$
