000
CDUS44 KMOB 040627
CLIMOB


CLIMATE REPORT
NATIONAL WEATHER SERVICE MOBILE AL
1226 AM CST FRI DEC 4 2020


...................................

...THE MOBILE CLIMATE SUMMARY FOR DECEMBER 3 2020...

CLIMATE NORMAL PERIOD 1981 TO 2010
CLIMATE RECORD PERIOD 1842 TO 2020


WEATHER ITEM   OBSERVED TIME   RECORD YEAR NORMAL DEPARTURE LAST
                VALUE   (LST)  VALUE       VALUE  FROM      YEAR
                                                  NORMAL
..................................................................
TEMPERATURE (F)
 YESTERDAY
  MAXIMUM         66    323 PM  79    1933  65      1       56
  MINIMUM         43    128 AM  22    1929  44     -1       30
  AVERAGE         55                        55      0       43

PRECIPITATION (IN)
  YESTERDAY        0.00          2.36 1955   0.16  -0.16     0.00
  MONTH TO DATE    0.00                      0.48  -0.48     0.55
  SINCE MAR 1     44.21                     50.80  -6.59    49.89
  SINCE JAN 1     53.79                     61.57  -7.78    59.38

SNOWFALL (IN)
  YESTERDAY        0.0           0.0  2002   0.0    0.0      0.0
                                      2001
                                      2000
  MONTH TO DATE    0.0                       0.0    0.0      0.0
  SINCE MAR 1      0.0                       0.1   -0.1      0.0
  SINCE JUL 1      0.0                       0.0    0.0      0.0
  SNOW DEPTH       0

DEGREE DAYS
 HEATING
  YESTERDAY       10                        11     -1       22
  MONTH TO DATE   56                        32     24       45
  SINCE DEC 1     56                        32     24       45
  SINCE JUL 1    199                       290    -91      312

 COOLING
  YESTERDAY        0                         1     -1        0
  MONTH TO DATE    0                         3     -3        0
  SINCE DEC 1      0                         3     -3        0
  SINCE JAN 1   2633                      2506    127     3128
..................................................................


WIND (MPH)
  HIGHEST WIND SPEED    15   HIGHEST WIND DIRECTION     E (100)
  HIGHEST GUST SPEED    24   HIGHEST GUST DIRECTION     E (90)
  AVERAGE WIND SPEED     8.5


SKY COVER
  POSSIBLE SUNSHINE  MM
  AVERAGE SKY COVER 0.7


WEATHER CONDITIONS
 THE FOLLOWING WEATHER WAS RECORDED YESTERDAY.
  NO SIGNIFICANT WEATHER WAS OBSERVED.


RELATIVE HUMIDITY (PERCENT)
 HIGHEST    93          1000 PM
 LOWEST     58           100 AM
 AVERAGE    76

..........................................................


THE MOBILE CLIMATE NORMALS FOR TODAY
                         NORMAL    RECORD    YEAR
 MAXIMUM TEMPERATURE (F)   65        79      2005
 MINIMUM TEMPERATURE (F)   44        25      1989


SUNRISE AND SUNSET
DECEMBER  4 2020......SUNRISE   635 AM CST   SUNSET   451 PM CST
DECEMBER  5 2020......SUNRISE   636 AM CST   SUNSET   451 PM CST


-  INDICATES NEGATIVE NUMBERS.
R  INDICATES RECORD WAS SET OR TIED.
MM INDICATES DATA IS MISSING.
T  INDICATES TRACE AMOUNT.




$$
