000
CDUS46 KSTO 290845
CLIMOD


CLIMATE REPORT
NATIONAL WEATHER SERVICE SACRAMENTO, CA
1245 AM PST SUN NOV 29 2020


...................................

...THE MODESTO CA CLIMATE SUMMARY FOR NOVEMBER 28 2020...

CLIMATE NORMAL PERIOD 1981 TO 2010
CLIMATE RECORD PERIOD 1931 TO 2020


WEATHER ITEM   OBSERVED TIME   RECORD YEAR NORMAL DEPARTURE LAST
                VALUE   (LST)  VALUE       VALUE  FROM      YEAR
                                                  NORMAL
..................................................................
TEMPERATURE (F)
 YESTERDAY
  MAXIMUM         61    335 PM  74    1932  60      1       48
  MINIMUM         31    716 AM   1    2013  42    -11       39
  AVERAGE         46

PRECIPITATION (IN)
  YESTERDAY        0.00          2.25 1970   0.05  -0.05     0.06
  MONTH TO DATE    0.10                      1.25  -1.15     0.48
  SINCE OCT 1      0.10                      1.93  -1.83     0.48
  SINCE JAN 1      3.81                     10.96  -7.15     9.46

SNOWFALL (IN)
  YESTERDAY        0.0           0.0  2002
                                      2001
  MONTH TO DATE    0.0
  SINCE SEP 1      0.0
  SINCE JUL 1      0.0
  SNOW DEPTH       0

DEGREE DAYS
 HEATING
  YESTERDAY       19                        14      5       21
  MONTH TO DATE  320                       269     51      239
  SINCE SEP 1    364                       332     32      333
  SINCE JUL 1    364                       332     32      333

 COOLING
  YESTERDAY        0                         0      0        0
  MONTH TO DATE    0                         0      0        0
  SINCE SEP 1    518                       360    158      294
  SINCE JAN 1   2127                      1696    431     1729
..................................................................


WIND (MPH)
  RESULTANT WIND SPEED   2   RESULTANT WIND DIRECTION  NW (330)
  HIGHEST WIND SPEED     9   HIGHEST WIND DIRECTION    NW (330)
  HIGHEST GUST SPEED    13   HIGHEST GUST DIRECTION    NW (320)


SKY COVER
  POSSIBLE SUNSHINE  MM
  AVERAGE SKY COVER 0.0


WEATHER CONDITIONS
 THE FOLLOWING WEATHER WAS RECORDED YESTERDAY.
  FOG


RELATIVE HUMIDITY (PERCENT)
 HIGHEST   100           800 AM
 LOWEST     32           300 PM
 AVERAGE    66

..........................................................


THE MODESTO CA CLIMATE NORMALS FOR TODAY
                         NORMAL    RECORD    YEAR
 MAXIMUM TEMPERATURE (F)   60        74      1995
 MINIMUM TEMPERATURE (F)   42        29      1975


SUNRISE AND SUNSET
NOVEMBER 29 2020......SUNRISE   659 AM PST   SUNSET   446 PM PST
NOVEMBER 30 2020......SUNRISE   700 AM PST   SUNSET   446 PM PST


-  INDICATES NEGATIVE NUMBERS.
R  INDICATES RECORD WAS SET OR TIED.
MM INDICATES DATA IS MISSING.
T  INDICATES TRACE AMOUNT.




$$
