000
CDUS43 KBIS 040748
CLIMOT


CLIMATE REPORT
NATIONAL WEATHER SERVICE BISMARCK ND
147 AM CST FRI DEC 4 2020


...................................

...THE MINOT ND CLIMATE SUMMARY FOR DECEMBER 3 2020...

CLIMATE NORMAL PERIOD 1981 TO 2010
CLIMATE RECORD PERIOD 1897 TO 2020


WEATHER ITEM   OBSERVED TIME   RECORD YEAR NORMAL DEPARTURE LAST
                VALUE   (LST)  VALUE       VALUE  FROM      YEAR
                                                  NORMAL
..................................................................
TEMPERATURE (F)
 YESTERDAY
  MAXIMUM         53    232 PM  59    1941  27     26       42
  MINIMUM         28    839 AM -26    1905  11     17       26
  AVERAGE         41                        19     22       34

PRECIPITATION (IN)
  YESTERDAY        0.00          0.80 2004   0.01  -0.01     0.00
  MONTH TO DATE    0.00                      0.04  -0.04     0.00
  SINCE DEC 1      0.00                      0.04  -0.04     0.00
  SINCE JAN 1     10.90                     16.85  -5.95    20.86

DEGREE DAYS
 HEATING
  YESTERDAY       24                        46    -22       31
  MONTH TO DATE   84                       136    -52      110
  SINCE DEC 1     84                       136    -52      110
  SINCE JUL 1   2020                      2194   -174     2240
..................................................................


WIND (MPH)
  HIGHEST WIND SPEED    20   HIGHEST WIND DIRECTION     W (270)
  HIGHEST GUST SPEED    28   HIGHEST GUST DIRECTION     W (260)
  AVERAGE WIND SPEED    12.8


SKY COVER
  POSSIBLE SUNSHINE  MM
  AVERAGE SKY COVER 0.0


WEATHER CONDITIONS
 THE FOLLOWING WEATHER WAS RECORDED YESTERDAY.
  NO SIGNIFICANT WEATHER WAS OBSERVED.


RELATIVE HUMIDITY (PERCENT)
 HIGHEST    64           800 PM
 LOWEST     35           200 PM
 AVERAGE    50

..........................................................


THE MINOT ND CLIMATE NORMALS FOR TODAY
                         NORMAL    RECORD    YEAR
 MAXIMUM TEMPERATURE (F)   27        58      1979
 MINIMUM TEMPERATURE (F)   11       -22      1905


SUNRISE AND SUNSET
DECEMBER  4 2020......SUNRISE   819 AM CST   SUNSET   452 PM CST
DECEMBER  5 2020......SUNRISE   820 AM CST   SUNSET   451 PM CST


-  INDICATES NEGATIVE NUMBERS.
R  INDICATES RECORD WAS SET OR TIED.
MM INDICATES DATA IS MISSING.
T  INDICATES TRACE AMOUNT.




$$
