000
CDUS41 KPHI 282129
CLIMPO

CLIMATE REPORT
NATIONAL WEATHER SERVICE MOUNT HOLLY NJ
429 PM EST SAT NOV 28 2020

...................................

...THE MOUNT POCONO PA CLIMATE SUMMARY FOR NOVEMBER 28 2020...
VALID TODAY AS OF 0400 PM LOCAL TIME.

CLIMATE NORMAL PERIOD: 1981 TO 2010
CLIMATE RECORD PERIOD: 1901 TO 2020


WEATHER ITEM   OBSERVED TIME   RECORD YEAR NORMAL DEPARTURE LAST
                VALUE   (LST)  VALUE       VALUE  FROM      YEAR
                                                  NORMAL
...................................................................
TEMPERATURE (F)
 TODAY
  MAXIMUM         47  12:36 PM  64    1990  40      7       39
  MINIMUM         35   2:26 AM   2    1930  27      8       26
                                      1951
  AVERAGE         41                        34      7       33

PRECIPITATION (IN)
  TODAY            T             3.74 2004   0.19  -0.19      T
  MONTH TO DATE    1.50                      4.22  -2.72     1.06
  SINCE SEP 1      7.53                     13.54  -6.01    10.48
  SINCE JAN 1     35.48                     44.52  -9.04    45.41

DEGREE DAYS
 HEATING
  TODAY           24                        31     -7       32
  MONTH TO DATE  614                       727   -113      872
  SINCE SEP 1   1297                      1452   -155     1441
  SINCE JUL 1   1322                      1515   -193     1482

 COOLING
  TODAY            0                         0      0        0
  MONTH TO DATE    0                         0      0        0
  SINCE SEP 1     21                        18      3       30
  SINCE JAN 1    424                       314    110      348
...................................................................


WIND (MPH)
  HIGHEST WIND SPEED    22   HIGHEST WIND DIRECTION     W (270)
  HIGHEST GUST SPEED    26   HIGHEST GUST DIRECTION     W (290)
  AVERAGE WIND SPEED     8.5


SKY COVER
  POSSIBLE SUNSHINE  MM
  AVERAGE SKY COVER 0.8


WEATHER CONDITIONS
THE FOLLOWING WEATHER WAS RECORDED TODAY.
  LIGHT RAIN


RELATIVE HUMIDITY (PERCENT)
 HIGHEST    89           8:00 AM
 LOWEST     56           1:00 PM
 AVERAGE    73

..........................................................


THE MOUNT POCONO PA CLIMATE NORMALS FOR TOMORROW
                         NORMAL    RECORD    YEAR
 MAXIMUM TEMPERATURE (F)   40        60      1941
                                             2005
 MINIMUM TEMPERATURE (F)   27         1      1930


SUNRISE AND SUNSET
NOVEMBER 28 2020......SUNRISE   7:05 AM EST   SUNSET   4:34 PM EST
NOVEMBER 29 2020......SUNRISE   7:06 AM EST   SUNSET   4:34 PM EST


-  INDICATES NEGATIVE NUMBERS.
R  INDICATES RECORD WAS SET OR TIED.
MM INDICATES DATA IS MISSING.
T  INDICATES TRACE AMOUNT.




$$
