000
CDUS41 KBTV 260533
CLIMPV

CLIMATE REPORT
NATIONAL WEATHER SERVICE BURLINGTON VT
1233 AM EST THU NOV 26 2020

...................................

...THE MONTPELIER VT CLIMATE SUMMARY FOR NOVEMBER 25 2020...

CLIMATE NORMAL PERIOD: 1981 TO 2010
CLIMATE RECORD PERIOD: 1948 TO 2020


WEATHER ITEM   OBSERVED TIME   RECORD YEAR NORMAL DEPARTURE LAST
                VALUE   (LST)  VALUE       VALUE  FROM      YEAR
                                                  NORMAL
...................................................................
TEMPERATURE (F)
 YESTERDAY
  MAXIMUM         34   8:28 PM  62    2004  40     -6       43
  MINIMUM         17   1:21 AM   4    1993  24     -7       25
  AVERAGE         26                        32     -6       34

PRECIPITATION (IN)
  YESTERDAY        0.06          1.95 1971   0.10  -0.04     0.00
  MONTH TO DATE    1.87                      2.66  -0.79     1.97
  SINCE SEP 1     10.63                      9.22   1.41    11.47
  SINCE JAN 1     33.64                     34.02  -0.38    46.27

DEGREE DAYS
 HEATING
  YESTERDAY       39                        33      6       31
  MONTH TO DATE  664                       716    -52      893
  SINCE SEP 1   1502                      1564    -62     1672
  SINCE JUL 1   1562                      1672   -110     1740

 COOLING
  YESTERDAY        0                         0      0        0
  MONTH TO DATE    0                         0      0        0
  SINCE SEP 1     28                        20      8        9
  SINCE JAN 1    402                       264    138      220
...................................................................


WIND (MPH)
  HIGHEST WIND SPEED    15   HIGHEST WIND DIRECTION     S (190)
  HIGHEST GUST SPEED    20   HIGHEST GUST DIRECTION     S (200)
  AVERAGE WIND SPEED     5.6


SKY COVER
  AVERAGE SKY COVER 0.9


WEATHER CONDITIONS
THE FOLLOWING WEATHER WAS RECORDED YESTERDAY.
  LIGHT SNOW
  FOG


RELATIVE HUMIDITY (PERCENT)
 HIGHEST    88           6:00 AM
 LOWEST     70           5:00 AM
 AVERAGE    79

..........................................................


THE MONTPELIER VT CLIMATE NORMALS FOR TODAY
                         NORMAL    RECORD    YEAR
 MAXIMUM TEMPERATURE (F)   39        61      1979
 MINIMUM TEMPERATURE (F)   23        -3      1949


SUNRISE AND SUNSET
NOVEMBER 26 2020......SUNRISE   7:00 AM EST   SUNSET   4:15 PM EST
NOVEMBER 27 2020......SUNRISE   7:01 AM EST   SUNSET   4:14 PM EST


-  INDICATES NEGATIVE NUMBERS.
R  INDICATES RECORD WAS SET OR TIED.
MM INDICATES DATA IS MISSING.
T  INDICATES TRACE AMOUNT.




$$
