465
CDUS43 KMPX 290653
CLIMPX

CLIMATE REPORT
NATIONAL WEATHER SERVICE TWIN CITIES/CHANHASSEN MN
1253 AM CST SUN NOV 29 2020

...................................

...THE CHANHASSEN MN CLIMATE SUMMARY FOR NOVEMBER 28 2020...

CLIMATE NORMAL PERIOD 1981 TO 2010
CLIMATE RECORD PERIOD 1995 TO 2020


WEATHER ITEM   OBSERVED NORMAL DEPARTURE LAST
                VALUE   VALUE  FROM      YEAR
                               NORMAL
................................................
TEMPERATURE (F)
 YESTERDAY
  MAXIMUM         50     32     18       27
  MINIMUM         28     18     10       22
  AVERAGE         39     25     14       25

PRECIPITATION (IN)
  YESTERDAY        0.00   0.06  -0.06     0.00
  MONTH TO DATE    1.10   1.86  -0.76     1.54
  SINCE SEP 1      5.14   7.80  -2.66    10.83
  SINCE JAN 1     31.46  29.80   1.66    41.44

SNOWFALL (IN)
  YESTERDAY        0.0    0.3   -0.3      0.0
  MONTH TO DATE    6.7    4.8    1.9      8.8
  SINCE SEP 1     15.6    5.2   10.4      9.0
  SINCE JUL 1     15.6    5.2   10.4      9.0
  SNOW DEPTH       0

DEGREE DAYS
 HEATING
  YESTERDAY       26     40    -14       40
  MONTH TO DATE  758    889   -131     1007
  SINCE SEP 1   1682   1602     80     1772
  SINCE JUL 1   1696   1625     71     1791

 COOLING
  YESTERDAY        0      0      0        0
  MONTH TO DATE    0      0      0        0
  SINCE SEP 1     33     52    -19       69
  SINCE JAN 1    660    605     55      514
................................................


THE CHANHASSEN MN CLIMATE NORMALS FOR TODAY
                         NORMAL    RECORD    YEAR
 MAXIMUM TEMPERATURE (F)   32        MM        MM
 MINIMUM TEMPERATURE (F)   17        MM        MM


SUNRISE AND SUNSET
NOVEMBER 29 2020......SUNRISE   730 AM CST   SUNSET   435 PM CST
NOVEMBER 30 2020......SUNRISE   731 AM CST   SUNSET   435 PM CST


-  INDICATES NEGATIVE NUMBERS.
R  INDICATES RECORD WAS SET OR TIED.
MM INDICATES DATA IS MISSING.
T  INDICATES TRACE AMOUNT.




$$
