000
CDUS43 KMQT 130459
CLIMQT

CLIMATE REPORT
NATIONAL WEATHER SERVICE
1259 AM EDT SUN JUN 13 2021

...................................

...THE MARQUETTE MI CLIMATE SUMMARY FOR JUNE 12 2021...

CLIMATE NORMAL PERIOD: 1991 TO 2020
CLIMATE RECORD PERIOD: 1961 TO 2021


WEATHER ITEM   OBSERVED RECORD YEAR NORMAL DEPARTURE LAST
                VALUE   VALUE       VALUE  FROM      YEAR
                                           NORMAL
............................................................
TEMPERATURE (F)
 YESTERDAY
  MAXIMUM         75     89    1988  71      4       52
                               2007
  MINIMUM         57     33    1962  49      8       36
  AVERAGE         66                 60      6       44

PRECIPITATION (IN)
  YESTERDAY        0.30   1.03 2008   0.11   0.19     0.00
  MONTH TO DATE    0.54               1.34  -0.80     1.05
  SINCE JUN 1      0.54               1.34  -0.80     1.05
  SINCE JAN 1     10.54              15.30  -4.76    16.76

SNOWFALL (IN)
  YESTERDAY        0.0   MM      MM   0.0    0.0      0.0
  MONTH TO DATE    0.0                0.0    0.0      0.0
  SINCE JUN 1      0.0                0.0    0.0      0.0
  SINCE JUL 1    111.8              196.8  -85.0    208.6
  SNOW DEPTH       0

DEGREE DAYS
 HEATING
  YESTERDAY        0                  6     -6       21
  MONTH TO DATE    7                 90    -83       82
  SINCE JUN 1      7                 90    -83       82
  SINCE JUL 1   8515               9133   -618     9189

 COOLING
  YESTERDAY        1                  1      0        0
  MONTH TO DATE   62                 12     50       19
  SINCE JUN 1     62                 12     50       19
  SINCE JAN 1     84                 24     60       47
............................................................


WIND (MPH)
  RESULTANT WIND SPEED  MM   RESULTANT WIND DIRECTION  MM
  HIGHEST WIND SPEED    MM   HIGHEST WIND DIRECTION    MM
  HIGHEST GUST SPEED    18   HIGHEST GUST DIRECTION     W (270)
  AVERAGE WIND SPEED    MM


SKY COVER
  POSSIBLE SUNSHINE  MM
  AVERAGE SKY COVER  MM


WEATHER CONDITIONS
THE FOLLOWING WEATHER WAS RECORDED YESTERDAY.
  THUNDERSTORM
  RAIN
  LIGHT RAIN


RELATIVE HUMIDITY (PERCENT)
 HIGHEST    MM
 LOWEST     MM
 AVERAGE    MM

..........................................................


THE MARQUETTE MI CLIMATE NORMALS FOR TODAY
                         NORMAL    RECORD    YEAR
 MAXIMUM TEMPERATURE (F)   71        93      1988
 MINIMUM TEMPERATURE (F)   49        32      1962


SUNRISE AND SUNSET
JUNE 13 2021..........SUNRISE   5:57 AM EDT   SUNSET   9:44 PM EDT
JUNE 14 2021..........SUNRISE   5:57 AM EDT   SUNSET   9:45 PM EDT


-  INDICATES NEGATIVE NUMBERS.
R  INDICATES RECORD WAS SET OR TIED.
MM INDICATES DATA IS MISSING.
T  INDICATES TRACE AMOUNT.




$$
