000
CDUS43 KMQT 280511
CLIMQT


CLIMATE REPORT
NATIONAL WEATHER SERVICE MARQUETTE MI
1210 AM EST SAT NOV 28 2020


...................................

...THE MARQUETTE MI CLIMATE SUMMARY FOR NOVEMBER 27 2020...

CLIMATE NORMAL PERIOD 1981 TO 2010
CLIMATE RECORD PERIOD 1961 TO 2020


WEATHER ITEM   OBSERVED RECORD YEAR NORMAL DEPARTURE LAST
                VALUE   VALUE       VALUE  FROM      YEAR
                                           NORMAL
...........................................................
TEMPERATURE (F)
 YESTERDAY
  MAXIMUM         33     53    1998  32      1       33
  MINIMUM         26     -4    2014  18      8       25
  AVERAGE         30                 25      5       29

PRECIPITATION (IN)
  YESTERDAY        T      3.02 2019   0.11  -0.11     3.02
  MONTH TO DATE    2.74               2.86  -0.12     3.78
  SINCE SEP 1     12.85              10.42   2.43    15.83
  SINCE JAN 1     44.32              32.79  11.53    43.95

SNOWFALL (IN)
  YESTERDAY        T     19.2  2001   1.1   -1.1     16.4
  MONTH TO DATE    8.9               20.9  -12.0     26.0
  SINCE SEP 1     31.0               27.0    4.0     28.8
  SINCE JUL 1     31.0               27.0    4.0     28.8
  SNOW DEPTH       1

DEGREE DAYS
 HEATING
  YESTERDAY       35                 40     -5       36
  MONTH TO DATE  752                919   -167     1065
  SINCE SEP 1   1913               1895     18     2033
  SINCE JUL 1   2039               2080    -41     2193

 COOLING
  YESTERDAY        0                  0      0        0
  MONTH TO DATE    0                  0      0        0
  SINCE SEP 1      0                 22    -22       24
  SINCE JAN 1    318                242     76      194
...........................................................


WIND (MPH)
  RESULTANT WIND SPEED  MM   RESULTANT WIND DIRECTION  MM
  HIGHEST WIND SPEED    MM   HIGHEST WIND DIRECTION    MM
  HIGHEST GUST SPEED    24   HIGHEST GUST DIRECTION     W (270)
  AVERAGE WIND SPEED    MM


SKY COVER
  POSSIBLE SUNSHINE  MM
  AVERAGE SKY COVER  MM


WEATHER CONDITIONS
 THE FOLLOWING WEATHER WAS RECORDED YESTERDAY.
  LIGHT SNOW


RELATIVE HUMIDITY (PERCENT)
 HIGHEST    MM
 LOWEST     MM
 AVERAGE    MM

..........................................................


THE MARQUETTE MI CLIMATE NORMALS FOR TODAY
                         NORMAL    RECORD    YEAR
 MAXIMUM TEMPERATURE (F)   32        51      2006
 MINIMUM TEMPERATURE (F)   18        -8      1976


SUNRISE AND SUNSET
NOVEMBER 28 2020......SUNRISE   810 AM EST   SUNSET   506 PM EST
NOVEMBER 29 2020......SUNRISE   812 AM EST   SUNSET   505 PM EST


-  INDICATES NEGATIVE NUMBERS.
R  INDICATES RECORD WAS SET OR TIED.
MM INDICATES DATA IS MISSING.
T  INDICATES TRACE AMOUNT.




$$
