000
CDUS41 KLWX 282123
CLIMRB

CLIMATE REPORT
NATIONAL WEATHER SERVICE BALTIMORE MD/WASHINGTON DC
423 PM EST SAT NOV 28 2020

...................................

...THE MARTINSBURG WV CLIMATE SUMMARY FOR NOVEMBER 28 2020...
VALID TODAY AS OF 0400 PM LOCAL TIME.

CLIMATE NORMAL PERIOD: 1981 TO 2010
CLIMATE RECORD PERIOD: 1926 TO 2020


WEATHER ITEM   OBSERVED TIME   NORMAL DEPARTURE LAST
                VALUE   (LST)  VALUE  FROM      YEAR
                                      NORMAL
.......................................................
TEMPERATURE (F)
 TODAY
  MAXIMUM         56   2:22 PM  49      7       49
  MINIMUM         33   7:09 AM  31      2       40
  AVERAGE         45            40      5       45

PRECIPITATION (IN)
  TODAY            0.00          0.11  -0.11     0.00
  MONTH TO DATE    1.56          2.90  -1.34     0.66
  SINCE SEP 1      6.50          9.52  -3.02     6.90
  SINCE JAN 1     29.13         35.76  -6.63    40.42

DEGREE DAYS
 HEATING
  TODAY           20            25     -5       20
  MONTH TO DATE  444           572   -128      669
  SINCE SEP 1    796          1011   -215      941
  SINCE JUL 1    796          1018   -222      942

 COOLING
  TODAY            0             0      0        0
  MONTH TO DATE    0             0      0        0
  SINCE SEP 1    107           103      4      231
  SINCE JAN 1   1184           895    289     1282
.......................................................


WIND (MPH)
  HIGHEST WIND SPEED    22   HIGHEST WIND DIRECTION     W (270)
  HIGHEST GUST SPEED    27   HIGHEST GUST DIRECTION     W (290)
  AVERAGE WIND SPEED     6.4


SKY COVER
  AVERAGE SKY COVER 0.3


WEATHER CONDITIONS
THE FOLLOWING WEATHER WAS RECORDED TODAY.
  NO SIGNIFICANT WEATHER WAS OBSERVED.


RELATIVE HUMIDITY (PERCENT)
 HIGHEST    96           8:00 AM
 LOWEST     32           4:00 PM
 AVERAGE    64

..........................................................



SUNRISE AND SUNSET
NOVEMBER 28 2020......SUNRISE   7:10 AM EST   SUNSET   4:50 PM EST
NOVEMBER 29 2020......SUNRISE   7:11 AM EST   SUNSET   4:49 PM EST


-  INDICATES NEGATIVE NUMBERS.
R  INDICATES RECORD WAS SET OR TIED.
MM INDICATES DATA IS MISSING.
T  INDICATES TRACE AMOUNT.




$$
