120
CDUS44 KHUN 280802
CLIMSL

CLIMATE REPORT
NATIONAL WEATHER SERVICE HUNTSVILLE AL
202 AM CST SAT NOV 28 2020

...................................

...THE MUSCLE SHOALS CLIMATE SUMMARY FOR NOVEMBER 27 2020...

CLIMATE NORMAL PERIOD 1981 TO 2010
CLIMATE RECORD PERIOD 1893 TO 2020


WEATHER ITEM   OBSERVED TIME   RECORD YEAR NORMAL DEPARTURE LAST
                VALUE   (LST)  VALUE       VALUE  FROM      YEAR
                                                  NORMAL
...................................................................
TEMPERATURE (F)
 YESTERDAY
  MAXIMUM         65    225 PM  79    1927  59      6       71
                                      1990
  MINIMUM         38    504 AM  15    1903  38      0       44
                                      1938
  AVERAGE         52                        48      4       58

PRECIPITATION (IN)
  YESTERDAY        0.25          2.52 1994   0.19   0.06     0.47
  MONTH TO DATE    0.76                      4.09  -3.33     3.97
  SINCE SEP 1      9.07                     11.24  -2.17    11.52
  SINCE JAN 1     66.59                     46.95  19.64    57.93

SNOWFALL (IN)
  YESTERDAY        0.0
  MONTH TO DATE    0.0
  SINCE SEP 1      0.0
  SINCE JUL 1      0.0
  SNOW DEPTH       0

DEGREE DAYS
 HEATING
  YESTERDAY       13                        17     -4        7
  MONTH TO DATE  216                       344   -128      436
  SINCE SEP 1    291                       512   -221      554
  SINCE JUL 1    291                       512   -221      554

 COOLING
  YESTERDAY        0                         0      0        0
  MONTH TO DATE   19                         4     15        0
  SINCE SEP 1    389                       325     64      640
  SINCE JAN 1   2148                      1868    280     2502
...................................................................


WIND (MPH)
  HIGHEST WIND SPEED    24   HIGHEST WIND DIRECTION     W (260)
  HIGHEST GUST SPEED    29   HIGHEST GUST DIRECTION     W (260)
  AVERAGE WIND SPEED     3.1


SKY COVER
  POSSIBLE SUNSHINE  MM
  AVERAGE SKY COVER 0.6


WEATHER CONDITIONS
THE FOLLOWING WEATHER WAS RECORDED YESTERDAY.
  THUNDERSTORM
  HEAVY RAIN
  RAIN
  LIGHT RAIN
  FOG
  FOG W/VISIBILITY <= 1/4 MILE


RELATIVE HUMIDITY (PERCENT)
 HIGHEST    93           900 AM
 LOWEST     54           200 PM
 AVERAGE    74

..........................................................


THE MUSCLE SHOALS CLIMATE NORMALS FOR TODAY
                         NORMAL    RECORD    YEAR
 MAXIMUM TEMPERATURE (F)   58        79      1927
 MINIMUM TEMPERATURE (F)   38        12      1938


SUNRISE AND SUNSET
NOVEMBER 28 2020......SUNRISE   637 AM CST   SUNSET   440 PM CST
NOVEMBER 29 2020......SUNRISE   638 AM CST   SUNSET   440 PM CST


-  INDICATES NEGATIVE NUMBERS.
R  INDICATES RECORD WAS SET OR TIED.
MM INDICATES DATA IS MISSING.
T  INDICATES TRACE AMOUNT.




$$
