000
CDUS44 KHUN 130705
CLIMSL

CLIMATE REPORT
NATIONAL WEATHER SERVICE HUNTSVILLE AL
205 AM CDT SUN JUN 13 2021

...................................

...THE MUSCLE SHOALS CLIMATE SUMMARY FOR JUNE 12 2021...

CLIMATE NORMAL PERIOD 1991 TO 2020
CLIMATE RECORD PERIOD 1893 TO 2021


WEATHER ITEM   OBSERVED TIME   RECORD YEAR NORMAL DEPARTURE LAST
                VALUE   (LST)  VALUE       VALUE  FROM      YEAR
                                                  NORMAL
...................................................................
TEMPERATURE (F)
 YESTERDAY
  MAXIMUM         95    328 PM 102    1914  89      6       87
  MINIMUM         73    305 AM  48    1903  67      6       65
  AVERAGE         84                        78      6       76

PRECIPITATION (IN)
  YESTERDAY        T             5.60 1992   0.16  -0.16     0.00
  MONTH TO DATE    6.49                      1.96   4.53     1.88
  SINCE JUN 1      6.49                      1.96   4.53     1.88
  SINCE JAN 1     32.61                     25.95   6.66    41.97

SNOWFALL (IN)
  YESTERDAY        0.0
  MONTH TO DATE    0.0
  SINCE JUN 1      0.0
  SINCE JUL 1      4.9
  SNOW DEPTH       0

DEGREE DAYS
 HEATING
  YESTERDAY        0                         0      0        0
  MONTH TO DATE    0                         0      0        0
  SINCE JUN 1      0                         0      0        0
  SINCE JUL 1   2621                      2821   -200     2396

 COOLING
  YESTERDAY       19                        13      6       11
  MONTH TO DATE  148                       140      8      173
  SINCE JUN 1    148                       140      8      173
  SINCE JAN 1    398                       446    -48      448
...................................................................


WIND (MPH)
  HIGHEST WIND SPEED    22   HIGHEST WIND DIRECTION     E (110)
  HIGHEST GUST SPEED    31   HIGHEST GUST DIRECTION     E (100)
  AVERAGE WIND SPEED     3.5


SKY COVER
  POSSIBLE SUNSHINE  MM
  AVERAGE SKY COVER 0.4


WEATHER CONDITIONS
THE FOLLOWING WEATHER WAS RECORDED YESTERDAY.
  THUNDERSTORM
  LIGHT RAIN
  FOG
  FOG W/VISIBILITY <= 1/4 MILE


RELATIVE HUMIDITY (PERCENT)
 HIGHEST    91           600 AM
 LOWEST     46           300 PM
 AVERAGE    69

..........................................................


THE MUSCLE SHOALS CLIMATE NORMALS FOR TODAY
                         NORMAL    RECORD    YEAR
 MAXIMUM TEMPERATURE (F)   89       101      1902
                                             1914
 MINIMUM TEMPERATURE (F)   68        44      1903


SUNRISE AND SUNSET
JUNE 13 2021..........SUNRISE   537 AM CDT   SUNSET   805 PM CDT
JUNE 14 2021..........SUNRISE   537 AM CDT   SUNSET   805 PM CDT


-  INDICATES NEGATIVE NUMBERS.
R  INDICATES RECORD WAS SET OR TIED.
MM INDICATES DATA IS MISSING.
T  INDICATES TRACE AMOUNT.




$$
