000
CDUS43 KMKX 260723
CLIMSN

CLIMATE REPORT
NATIONAL WEATHER SERVICE
123 AM CST THU NOV 26 2020

...................................

...THE MADISON WI CLIMATE SUMMARY FOR NOVEMBER 25 2020...

CLIMATE NORMAL PERIOD 1981 TO 2010
CLIMATE RECORD PERIOD 1871 TO 2020


WEATHER ITEM   OBSERVED TIME   RECORD YEAR NORMAL DEPARTURE LAST
                VALUE   (LST)  VALUE       VALUE  FROM      YEAR
                                                  NORMAL
...................................................................
TEMPERATURE (F)
 YESTERDAY
  MAXIMUM         39    322 PM  62    1908  39      0       51
  MINIMUM         36   1126 PM  -8    1950  24     12       28
  AVERAGE         38                        31      7       40

PRECIPITATION (IN)
  YESTERDAY        0.10          0.90 1952   0.08   0.02      T
  MONTH TO DATE    1.85                      2.00  -0.15     1.49
  SINCE SEP 1      8.64                      7.53   1.11    14.13
  SINCE JAN 1     37.79                     32.35   5.44    43.72

SNOWFALL (IN)
  YESTERDAY        0.0           3.0  1987   0.2   -0.2      0.0
  MONTH TO DATE    2.2                       2.4   -0.2      7.6
  SINCE SEP 1      2.3                       2.9   -0.6     15.7
  SINCE JUL 1      2.3                       2.9   -0.6     15.7
  SNOW DEPTH       0

DEGREE DAYS
 HEATING
  YESTERDAY       27                        34     -7       25
  MONTH TO DATE  536                       690   -154      862
  SINCE SEP 1   1307                      1366    -59     1448
  SINCE JUL 1   1318                      1403    -85     1461

 COOLING
  YESTERDAY        0                         0      0        0
  MONTH TO DATE    1                         0      1        0
  SINCE SEP 1     17                        55    -38       89
  SINCE JAN 1    729                       568    161      656
...................................................................


WIND (MPH)
  HIGHEST WIND SPEED    16   HIGHEST WIND DIRECTION     N (10)
  HIGHEST GUST SPEED    22   HIGHEST GUST DIRECTION     N (20)
  AVERAGE WIND SPEED     7.3


SKY COVER
  POSSIBLE SUNSHINE  MM
  AVERAGE SKY COVER 1.0


WEATHER CONDITIONS
THE FOLLOWING WEATHER WAS RECORDED YESTERDAY.
  RAIN
  LIGHT RAIN
  FOG
  FOG W/VISIBILITY <= 1/4 MILE


RELATIVE HUMIDITY (PERCENT)
 HIGHEST   100          1200 AM
 LOWEST    100          1200 AM
 AVERAGE   100

..........................................................


THE MADISON WI CLIMATE NORMALS FOR TODAY
                         NORMAL    RECORD    YEAR
 MAXIMUM TEMPERATURE (F)   38        65      1990
 MINIMUM TEMPERATURE (F)   24        -5      1977


SUNRISE AND SUNSET
NOVEMBER 26 2020......SUNRISE   704 AM CST   SUNSET   425 PM CST
NOVEMBER 27 2020......SUNRISE   705 AM CST   SUNSET   425 PM CST


-  INDICATES NEGATIVE NUMBERS.
R  INDICATES RECORD WAS SET OR TIED.
MM INDICATES DATA IS MISSING.
T  INDICATES TRACE AMOUNT.




$$
