810
CDUS45 KMSO 122231
CLIMSO

CLIMATE REPORT
NATIONAL WEATHER SERVICE MISSOULA MT
431 PM MDT SAT JUN 12 2021

...................................

...THE MISSOULA MT CLIMATE SUMMARY FOR JUNE 12 2021...
VALID TODAY AS OF 0400 PM LOCAL TIME.

CLIMATE NORMAL PERIOD 1991 TO 2020
CLIMATE RECORD PERIOD 1893 TO 2021


WEATHER ITEM   OBSERVED TIME   RECORD YEAR NORMAL DEPARTURE LAST
                VALUE   (LST)  VALUE       VALUE  FROM      YEAR
                                                  NORMAL
...................................................................
TEMPERATURE (F)
 TODAY
  MAXIMUM         68    259 PM  98    1940  72     -4       90
  MINIMUM         47    155 AM  34    2016  46      1       54
  AVERAGE         58                        59     -1       72

PRECIPITATION (IN)
  TODAY            0.04          1.20 1901   0.08  -0.04     0.01
  MONTH TO DATE    1.11                      0.99   0.12     0.36
  SINCE OCT 1     10.33                     10.32   0.01     8.92
  SINCE JAN 1      6.30                      6.88  -0.58     6.80

SNOWFALL (IN)
  TODAY            0.0
  MONTH TO DATE    0.0
  SINCE JUN 1      0.0
  SINCE JUL 1     48.4
  SNOW DEPTH       0

DEGREE DAYS
 HEATING
  TODAY            7                         7      0        0
  MONTH TO DATE   66                        92    -26       84
  SINCE JUN 1     66                        92    -26       84
  SINCE JUL 1   7109                      7420   -311     7096

 COOLING
  TODAY            0                         1     -1        7
  MONTH TO DATE   21                         3     18        7
  SINCE JUN 1     21                         3     18        7
  SINCE JAN 1     21                         6     15       15
...................................................................


WIND (MPH)
  HIGHEST WIND SPEED     9   HIGHEST WIND DIRECTION    SW (220)
  HIGHEST GUST SPEED    10   HIGHEST GUST DIRECTION     N (340)
  AVERAGE WIND SPEED     3.2


SKY COVER
  POSSIBLE SUNSHINE  MM
  AVERAGE SKY COVER 0.8


WEATHER CONDITIONS
THE FOLLOWING WEATHER WAS RECORDED TODAY.
  LIGHT RAIN
  FOG


RELATIVE HUMIDITY (PERCENT)
 HIGHEST    86           800 AM
 LOWEST     49           300 PM
 AVERAGE    68

..........................................................


THE MISSOULA MT CLIMATE NORMALS FOR TOMORROW
                         NORMAL    RECORD    YEAR
 MAXIMUM TEMPERATURE (F)   72       100      1918
 MINIMUM TEMPERATURE (F)   46        31      1952


SUNRISE AND SUNSET
JUNE 12 2021..........SUNRISE   541 AM MDT   SUNSET   932 PM MDT
JUNE 13 2021..........SUNRISE   541 AM MDT   SUNSET   932 PM MDT


-  INDICATES NEGATIVE NUMBERS.
R  INDICATES RECORD WAS SET OR TIED.
MM INDICATES DATA IS MISSING.
T  INDICATES TRACE AMOUNT.




$$
