809
CDUS45 KMSO 280838
CLIMSO

CLIMATE REPORT
NATIONAL WEATHER SERVICE MISSOULA MT
138 AM MST SAT NOV 28 2020

...................................

...THE MISSOULA MT CLIMATE SUMMARY FOR NOVEMBER 27 2020...

CLIMATE NORMAL PERIOD 1981 TO 2010
CLIMATE RECORD PERIOD 1893 TO 2020


WEATHER ITEM   OBSERVED TIME   RECORD YEAR NORMAL DEPARTURE LAST
                VALUE   (LST)  VALUE       VALUE  FROM      YEAR
                                                  NORMAL
...................................................................
TEMPERATURE (F)
 YESTERDAY
  MAXIMUM         43    333 PM  57    2014  36      7       32
  MINIMUM         20   1155 PM  -8    1967  21     -1       22
  AVERAGE         32                        28      4       27

PRECIPITATION (IN)
  YESTERDAY        0.00          0.44 1991   0.03  -0.03      T
  MONTH TO DATE    0.62                      0.90  -0.28     0.69
  SINCE OCT 1      3.58                      1.78   1.80     1.27
  SINCE JAN 1     13.52                     12.98   0.54    14.44

SNOWFALL (IN)
  YESTERDAY        0.0
  MONTH TO DATE    4.7
  SINCE SEP 1     18.9
  SINCE JUL 1     18.9
  SNOW DEPTH       0

DEGREE DAYS
 HEATING
  YESTERDAY       33                        37     -4       38
  MONTH TO DATE  816                       842    -26      830
  SINCE SEP 1   1706                      1700      6     1892
  SINCE JUL 1   1764                      1784    -20     1937

 COOLING
  YESTERDAY        0                         0      0        0
  MONTH TO DATE    0                         0      0        0
  SINCE SEP 1     27                        15     12       35
  SINCE JAN 1    326                       332     -6      308
...................................................................


WIND (MPH)
  HIGHEST WIND SPEED    10   HIGHEST WIND DIRECTION    SE (120)
  HIGHEST GUST SPEED    13   HIGHEST GUST DIRECTION    SE (130)
  AVERAGE WIND SPEED     3.4


SKY COVER
  POSSIBLE SUNSHINE  MM
  AVERAGE SKY COVER 0.2


WEATHER CONDITIONS
THE FOLLOWING WEATHER WAS RECORDED YESTERDAY.
  NO SIGNIFICANT WEATHER WAS OBSERVED.


RELATIVE HUMIDITY (PERCENT)
 HIGHEST    88          1100 PM
 LOWEST     43           300 PM
 AVERAGE    66

..........................................................


THE MISSOULA MT CLIMATE NORMALS FOR TODAY
                         NORMAL    RECORD    YEAR
 MAXIMUM TEMPERATURE (F)   35        52      1929
                                             1973
 MINIMUM TEMPERATURE (F)   21       -10      1896


SUNRISE AND SUNSET
NOVEMBER 28 2020......SUNRISE   758 AM MST   SUNSET   451 PM MST
NOVEMBER 29 2020......SUNRISE   759 AM MST   SUNSET   450 PM MST


-  INDICATES NEGATIVE NUMBERS.
R  INDICATES RECORD WAS SET OR TIED.
MM INDICATES DATA IS MISSING.
T  INDICATES TRACE AMOUNT.




$$
