000
CDUS43 KMPX 290056
CLIMSP

CLIMATE REPORT
NATIONAL WEATHER SERVICE TWIN CITIES/CHANHASSEN MN
656 PM CST SAT NOV 28 2020

...................................

...THE TWIN CITIES MN CLIMATE SUMMARY FOR NOVEMBER 28 2020...
VALID TODAY AS OF 0600 PM LOCAL TIME.

CLIMATE NORMAL PERIOD 1981 TO 2010
CLIMATE RECORD PERIOD 1871 TO 2020


WEATHER ITEM   OBSERVED TIME   RECORD YEAR NORMAL DEPARTURE LAST
                VALUE   (LST)  VALUE       VALUE  FROM      YEAR
                                                  NORMAL
...................................................................
TEMPERATURE (F)
 TODAY
  MAXIMUM         50    412 PM  58    1941  34     16       28
  MINIMUM         32    752 AM -21    1887  19     13       22
  AVERAGE         41                        27     14       25

PRECIPITATION (IN)
  TODAY            0.00          1.08 1987   0.06  -0.06     0.00
  MONTH TO DATE    1.29                      1.67  -0.38     1.81
  SINCE SEP 1      4.57                      7.18  -2.61     9.78
  SINCE JAN 1     29.07                     29.35  -0.28    40.87

SNOWFALL (IN)
  TODAY            0.0           7.5  1905   0.4   -0.4      0.0
  MONTH TO DATE    8.8                       8.4    0.4     10.9
  SINCE SEP 1     18.1                       9.0    9.1     10.9
  SINCE JUL 1     18.1                       9.0    9.1     10.9
  SNOW DEPTH       0

DEGREE DAYS
 HEATING
  TODAY           24                        38    -14       40
  MONTH TO DATE  712                       861   -149      952
  SINCE SEP 1   1529                      1522      7     1592
  SINCE JUL 1   1531                      1541    -10     1593

 COOLING
  TODAY            0                         0      0        0
  MONTH TO DATE    2                         0      2        0
  SINCE SEP 1     57                        72    -15      115
  SINCE JAN 1    950                       753    197      817
...................................................................


WIND (MPH)
  HIGHEST WIND SPEED    14   HIGHEST WIND DIRECTION    SW (240)
  HIGHEST GUST SPEED    19   HIGHEST GUST DIRECTION    SW (240)
  AVERAGE WIND SPEED     6.8


SKY COVER
  POSSIBLE SUNSHINE  MM
  AVERAGE SKY COVER 0.1


WEATHER CONDITIONS
THE FOLLOWING WEATHER WAS RECORDED TODAY.
  NO SIGNIFICANT WEATHER WAS OBSERVED.


RELATIVE HUMIDITY (PERCENT)
 HIGHEST    72          1200 AM
 LOWEST     42           200 PM
 AVERAGE    57

..........................................................


THE TWIN CITIES MN CLIMATE NORMALS FOR TOMORROW
                         NORMAL    RECORD    YEAR
 MAXIMUM TEMPERATURE (F)   33        62      1998
 MINIMUM TEMPERATURE (F)   19       -25      1875


SUNRISE AND SUNSET
NOVEMBER 28 2020......SUNRISE   728 AM CST   SUNSET   434 PM CST
NOVEMBER 29 2020......SUNRISE   729 AM CST   SUNSET   434 PM CST


-  INDICATES NEGATIVE NUMBERS.
R  INDICATES RECORD WAS SET OR TIED.
MM INDICATES DATA IS MISSING.
T  INDICATES TRACE AMOUNT.




$$
