000
CDUS41 KBTV 280532
CLIMSS

CLIMATE REPORT
NATIONAL WEATHER SERVICE BURLINGTON VT
1232 AM EST SAT NOV 28 2020

...................................

...THE MASSENA NY CLIMATE SUMMARY FOR NOVEMBER 27 2020...

CLIMATE NORMAL PERIOD: 1981 TO 2010
CLIMATE RECORD PERIOD: 1948 TO 2020


WEATHER ITEM   OBSERVED TIME   RECORD YEAR NORMAL DEPARTURE LAST
                VALUE   (LST)  VALUE       VALUE  FROM      YEAR
                                                  NORMAL
...................................................................
TEMPERATURE (F)
 YESTERDAY
  MAXIMUM         46   2:44 PM  65    1990  38      8       43
  MINIMUM         37  10:44 PM  -8    1949  23     14       29
  AVERAGE         42                        31     11       36

PRECIPITATION (IN)
  YESTERDAY        T             0.82 1993   0.09  -0.09     0.59
  MONTH TO DATE    1.38                      2.75  -1.37     1.39
  SINCE SEP 1      7.06                      9.71  -2.65    13.41
  SINCE JAN 1     25.20                     32.25  -7.05    32.92

DEGREE DAYS
 HEATING
  YESTERDAY       23                        34    -11       29
  MONTH TO DATE  661                       783   -122      933
  SINCE SEP 1   1473                      1589   -116     1617
  SINCE JUL 1   1510                      1664   -154     1642

 COOLING
  YESTERDAY        0                         0      0        0
  MONTH TO DATE    0                         0      0        0
  SINCE SEP 1     16                        27    -11       18
  SINCE JAN 1    583                       363    220      398
...................................................................


WIND (MPH)
  HIGHEST WIND SPEED     8   HIGHEST WIND DIRECTION    NW (300)
  HIGHEST GUST SPEED    11   HIGHEST GUST DIRECTION    SW (230)
  AVERAGE WIND SPEED     4.0


SKY COVER
  AVERAGE SKY COVER 1.0


WEATHER CONDITIONS
THE FOLLOWING WEATHER WAS RECORDED YESTERDAY.
  LIGHT RAIN
  FOG


RELATIVE HUMIDITY (PERCENT)
 HIGHEST   100          12:00 AM
 LOWEST     79           6:00 PM
 AVERAGE    90

..........................................................


THE MASSENA NY CLIMATE NORMALS FOR TODAY
                         NORMAL    RECORD    YEAR
 MAXIMUM TEMPERATURE (F)   38        73      1990
 MINIMUM TEMPERATURE (F)   23        -5      1951


SUNRISE AND SUNSET
NOVEMBER 28 2020......SUNRISE   7:14 AM EST   SUNSET   4:21 PM EST
NOVEMBER 29 2020......SUNRISE   7:15 AM EST   SUNSET   4:20 PM EST


-  INDICATES NEGATIVE NUMBERS.
R  INDICATES RECORD WAS SET OR TIED.
MM INDICATES DATA IS MISSING.
T  INDICATES TRACE AMOUNT.




$$
