000
CDUS42 KKEY 290533
CLIMTH


CLIMATE REPORT
NATIONAL WEATHER SERVICE KEY WEST, FL
1231 AM EST SUN NOV 29 2020


...................................

...THE MARATHON CLIMATE SUMMARY FOR NOVEMBER 28 2020...

CLIMATE NORMAL PERIOD 1981 TO 2010
CLIMATE RECORD PERIOD 1950 TO 2020


WEATHER ITEM   OBSERVED TIME   RECORD YEAR NORMAL DEPARTURE LAST
                VALUE   (LST)  VALUE       VALUE  FROM      YEAR
                                                  NORMAL
..................................................................
TEMPERATURE (F)
 YESTERDAY
  MAXIMUM         80    240 PM  87    1972  79      1       81
                                      1958
  MINIMUM         69    719 AM  49    1956  70     -1       70
  AVERAGE         75                        74      1       76

PRECIPITATION (IN)
  YESTERDAY        0.00          1.12 1992   0.07  -0.07     0.00
  MONTH TO DATE    6.08                      2.66   3.42     0.30
  SINCE SEP 1     29.67                     15.17  14.50     7.21
  SINCE JAN 1     63.33                     43.99  19.34    29.16

SNOWFALL (IN)
  YESTERDAY        0.0
  MONTH TO DATE    0.0
  SINCE SEP 1      0.0
  SINCE JUL 1      0.0
  SNOW DEPTH       0

DEGREE DAYS
 HEATING
  YESTERDAY        0                         0      0        0
  MONTH TO DATE    0                         0      0        0
  SINCE SEP 1      0                         0      0        0
  SINCE JUL 1      0                         0      0        0

 COOLING
  YESTERDAY       10                         9      1       11
  MONTH TO DATE  383                       307     76      368
  SINCE SEP 1   1522                      1360    162     1567
  SINCE JAN 1   5430                      4746    684     5853
..................................................................


WIND (MPH)
  HIGHEST WIND SPEED    10   HIGHEST WIND DIRECTION     N (20)
  HIGHEST GUST SPEED    13   HIGHEST GUST DIRECTION    NE (40)
  AVERAGE WIND SPEED     4.7


SKY COVER
  POSSIBLE SUNSHINE  MM
  AVERAGE SKY COVER 0.2


WEATHER CONDITIONS
 THE FOLLOWING WEATHER WAS RECORDED YESTERDAY.
  NO SIGNIFICANT WEATHER WAS OBSERVED.


RELATIVE HUMIDITY (PERCENT)
 HIGHEST    93
 LOWEST     74
 AVERAGE    84

..........................................................


THE MARATHON CLIMATE NORMALS FOR TODAY
                         NORMAL    RECORD    YEAR
 MAXIMUM TEMPERATURE (F)   79        87      1972
 MINIMUM TEMPERATURE (F)   70        49      1956


SUNRISE AND SUNSET
NOVEMBER 29 2020......SUNRISE   651 AM EST   SUNSET   535 PM EST
NOVEMBER 30 2020......SUNRISE   651 AM EST   SUNSET   535 PM EST


-  INDICATES NEGATIVE NUMBERS.
R  INDICATES RECORD WAS SET OR TIED.
MM INDICATES DATA IS MISSING.
T  INDICATES TRACE AMOUNT.




$$
